{"id":4204,"date":"2023-02-23T15:23:38","date_gmt":"2023-02-23T14:23:38","guid":{"rendered":"https:\/\/www.ericseva.com\/?post_type=projet&#038;p=4204"},"modified":"2023-02-23T15:23:40","modified_gmt":"2023-02-23T14:23:40","slug":"triple-roots","status":"publish","type":"projet","link":"https:\/\/www.ericseva.com\/en\/project\/triple-roots\/","title":{"rendered":"Triple Roots"},"content":{"rendered":"\n<p>Eric S\u00e9va was aware of this when he created this trio, bringing together Kevin Reveyrand and Jean-Luc Di Fraya. The bandmembers are united by many a point: deep artistic roots, a musical mother Earth that has ingrained in them the passion for melodic and rhythmic conversations stemming from popular musics, a common gift for sharing, between each other like with the public. An ideal encounter around jazz and world musics.<\/p>\n\n\n\n<p>From their first meeting, their affinities gathered at the center of a magical combination to serve a music made of original compositions.<\/p>\n\n\n\n<p>In his favourite format, \u00c9ric is surrounded by two musicians, at the crossroads of a refined acoustic trio whose music flows naturally. This trio is just obvious, playing, improvising, sharing, travelling&#8230; Like the world of dreams, Eric\u2019s musical realm is a translation of his imagination that transcends his relationship with the listener, making it possible for audiences to travel in his wake. And travel they do, with blissful glee. Sebastian Danchin<\/p>\n","protected":false},"excerpt":{"rendered":"<p>Eric S\u00e9va was aware of this when he created this trio, bringing together Kevin Reveyrand and Jean-Luc Di Fraya. The bandmembers are united by many a point: deep artistic roots, a musical mother Earth that &hellip;<\/p>\n","protected":false},"author":4,"featured_media":0,"template":"","yoast_head":"<!-- This site is optimized with the Yoast SEO plugin v22.6 - https:\/\/yoast.com\/wordpress\/plugins\/seo\/ -->\n<title>Triple Roots &#8211; \u00c9ric S\u00e9va : Saxophoniste et compositeur<\/title>\n<meta name=\"description\" content=\"Eric S\u00e9va was aware of this when he created this trio, bringing together Kevin Reveyrand and Jean-Luc Di Fraya. The bandmembers are united by many a\" \/>\n<meta name=\"robots\" content=\"index, follow, max-snippet:-1, max-image-preview:large, max-video-preview:-1\" \/>\n<link rel=\"canonical\" href=\"https:\/\/www.ericseva.com\/en\/project\/triple-roots\/\" \/>\n<meta property=\"og:locale\" content=\"en_US\" \/>\n<meta property=\"og:type\" content=\"article\" \/>\n<meta property=\"og:title\" content=\"Triple Roots &#8211; \u00c9ric S\u00e9va : Saxophoniste et compositeur\" \/>\n<meta property=\"og:description\" content=\"Eric S\u00e9va was aware of this when he created this trio, bringing together Kevin Reveyrand and Jean-Luc Di Fraya. The bandmembers are united by many a\" \/>\n<meta property=\"og:url\" content=\"https:\/\/www.ericseva.com\/en\/project\/triple-roots\/\" \/>\n<meta property=\"og:site_name\" content=\"\u00c9ric S\u00e9va\" \/>\n<meta property=\"article:publisher\" content=\"https:\/\/www.facebook.com\/EricSevaSaxophonisteCompositeur\/\" \/>\n<meta property=\"article:modified_time\" content=\"2023-02-23T14:23:40+00:00\" \/>\n<meta name=\"twitter:card\" content=\"summary_large_image\" \/>\n<meta name=\"twitter:label1\" content=\"Est. reading time\" \/>\n\t<meta name=\"twitter:data1\" content=\"1 minute\" \/>\n<script type=\"application\/ld+json\" class=\"yoast-schema-graph\">{\"@context\":\"https:\/\/schema.org\",\"@graph\":[{\"@type\":\"WebPage\",\"@id\":\"https:\/\/www.ericseva.com\/en\/project\/triple-roots\/\",\"url\":\"https:\/\/www.ericseva.com\/en\/project\/triple-roots\/\",\"name\":\"Triple Roots &#8211; \u00c9ric S\u00e9va : Saxophoniste et compositeur\",\"isPartOf\":{\"@id\":\"https:\/\/www.ericseva.com\/en\/#website\"},\"datePublished\":\"2023-02-23T14:23:38+00:00\",\"dateModified\":\"2023-02-23T14:23:40+00:00\",\"description\":\"Eric S\u00e9va was aware of this when he created this trio, bringing together Kevin Reveyrand and Jean-Luc Di Fraya. The bandmembers are united by many a\",\"breadcrumb\":{\"@id\":\"https:\/\/www.ericseva.com\/en\/project\/triple-roots\/#breadcrumb\"},\"inLanguage\":\"en-US\",\"potentialAction\":[{\"@type\":\"ReadAction\",\"target\":[\"https:\/\/www.ericseva.com\/en\/project\/triple-roots\/\"]}]},{\"@type\":\"BreadcrumbList\",\"@id\":\"https:\/\/www.ericseva.com\/en\/project\/triple-roots\/#breadcrumb\",\"itemListElement\":[{\"@type\":\"ListItem\",\"position\":1,\"name\":\"Accueil\",\"item\":\"https:\/\/www.ericseva.com\/en\/\"},{\"@type\":\"ListItem\",\"position\":2,\"name\":\"Triple Roots\"}]},{\"@type\":\"WebSite\",\"@id\":\"https:\/\/www.ericseva.com\/en\/#website\",\"url\":\"https:\/\/www.ericseva.com\/en\/\",\"name\":\"\u00c9ric S\u00e9va\",\"description\":\"Saxophoniste et compositeur\",\"potentialAction\":[{\"@type\":\"SearchAction\",\"target\":{\"@type\":\"EntryPoint\",\"urlTemplate\":\"https:\/\/www.ericseva.com\/en\/?s={search_term_string}\"},\"query-input\":\"required name=search_term_string\"}],\"inLanguage\":\"en-US\"}]}<\/script>\n<!-- \/ Yoast SEO plugin. -->","yoast_head_json":{"title":"Triple Roots &#8211; \u00c9ric S\u00e9va : Saxophoniste et compositeur","description":"Eric S\u00e9va was aware of this when he created this trio, bringing together Kevin Reveyrand and Jean-Luc Di Fraya. The bandmembers are united by many a","robots":{"index":"index","follow":"follow","max-snippet":"max-snippet:-1","max-image-preview":"max-image-preview:large","max-video-preview":"max-video-preview:-1"},"canonical":"https:\/\/www.ericseva.com\/en\/project\/triple-roots\/","og_locale":"en_US","og_type":"article","og_title":"Triple Roots &#8211; \u00c9ric S\u00e9va : Saxophoniste et compositeur","og_description":"Eric S\u00e9va was aware of this when he created this trio, bringing together Kevin Reveyrand and Jean-Luc Di Fraya. The bandmembers are united by many a","og_url":"https:\/\/www.ericseva.com\/en\/project\/triple-roots\/","og_site_name":"\u00c9ric S\u00e9va","article_publisher":"https:\/\/www.facebook.com\/EricSevaSaxophonisteCompositeur\/","article_modified_time":"2023-02-23T14:23:40+00:00","twitter_card":"summary_large_image","twitter_misc":{"Est. reading time":"1 minute"},"schema":{"@context":"https:\/\/schema.org","@graph":[{"@type":"WebPage","@id":"https:\/\/www.ericseva.com\/en\/project\/triple-roots\/","url":"https:\/\/www.ericseva.com\/en\/project\/triple-roots\/","name":"Triple Roots &#8211; \u00c9ric S\u00e9va : Saxophoniste et compositeur","isPartOf":{"@id":"https:\/\/www.ericseva.com\/en\/#website"},"datePublished":"2023-02-23T14:23:38+00:00","dateModified":"2023-02-23T14:23:40+00:00","description":"Eric S\u00e9va was aware of this when he created this trio, bringing together Kevin Reveyrand and Jean-Luc Di Fraya. The bandmembers are united by many a","breadcrumb":{"@id":"https:\/\/www.ericseva.com\/en\/project\/triple-roots\/#breadcrumb"},"inLanguage":"en-US","potentialAction":[{"@type":"ReadAction","target":["https:\/\/www.ericseva.com\/en\/project\/triple-roots\/"]}]},{"@type":"BreadcrumbList","@id":"https:\/\/www.ericseva.com\/en\/project\/triple-roots\/#breadcrumb","itemListElement":[{"@type":"ListItem","position":1,"name":"Accueil","item":"https:\/\/www.ericseva.com\/en\/"},{"@type":"ListItem","position":2,"name":"Triple Roots"}]},{"@type":"WebSite","@id":"https:\/\/www.ericseva.com\/en\/#website","url":"https:\/\/www.ericseva.com\/en\/","name":"\u00c9ric S\u00e9va","description":"Saxophoniste et compositeur","potentialAction":[{"@type":"SearchAction","target":{"@type":"EntryPoint","urlTemplate":"https:\/\/www.ericseva.com\/en\/?s={search_term_string}"},"query-input":"required name=search_term_string"}],"inLanguage":"en-US"}]}},"_links":{"self":[{"href":"https:\/\/www.ericseva.com\/en\/wp-json\/wp\/v2\/projet\/4204"}],"collection":[{"href":"https:\/\/www.ericseva.com\/en\/wp-json\/wp\/v2\/projet"}],"about":[{"href":"https:\/\/www.ericseva.com\/en\/wp-json\/wp\/v2\/types\/projet"}],"author":[{"embeddable":true,"href":"https:\/\/www.ericseva.com\/en\/wp-json\/wp\/v2\/users\/4"}],"version-history":[{"count":1,"href":"https:\/\/www.ericseva.com\/en\/wp-json\/wp\/v2\/projet\/4204\/revisions"}],"predecessor-version":[{"id":4205,"href":"https:\/\/www.ericseva.com\/en\/wp-json\/wp\/v2\/projet\/4204\/revisions\/4205"}],"wp:attachment":[{"href":"https:\/\/www.ericseva.com\/en\/wp-json\/wp\/v2\/media?parent=4204"}],"curies":[{"name":"wp","href":"https:\/\/api.w.org\/{rel}","templated":true}]}}

<p>Eric Séva was aware of this when he created this trio, bringing together Kevin Reveyrand and Jean-Luc Di Fraya. The bandmembers are united by many a point: deep artistic roots, a musical mother Earth that has ingrained in them the passion for melodic and rhythmic conversations stemming from popular musics, a common gift for sharing, between each other like with the public. An ideal encounter around jazz and world musics.</p>



<p>From their first meeting, their affinities gathered at the center of a magical combination to serve a music made of original compositions.</p>



<p>In his favourite format, Éric is surrounded by two musicians, at the crossroads of a refined acoustic trio whose music flows naturally. This trio is just obvious, playing, improvising, sharing, travelling&#8230; Like the world of dreams, Eric’s musical realm is a translation of his imagination that transcends his relationship with the listener, making it possible for audiences to travel in his wake. And travel they do, with blissful glee. Sebastian Danchin</p>

<p>Eric Séva was aware of this when he created this trio, bringing together Kevin Reveyrand and Jean-Luc Di Fraya. The bandmembers are united by many a point: deep artistic roots, a musical mother Earth that &hellip;</p>

<!-- This site is optimized with the Yoast SEO plugin v22.6 - https://yoast.com/wordpress/plugins/seo/ -->
<title>Triple Roots &#8211; Éric Séva : Saxophoniste et compositeur</title>
<meta name="description" content="Eric Séva was aware of this when he created this trio, bringing together Kevin Reveyrand and Jean-Luc Di Fraya. The bandmembers are united by many a" />
<meta name="robots" content="index, follow, max-snippet:-1, max-image-preview:large, max-video-preview:-1" />
<link rel="canonical" href="https://www.ericseva.com/en/project/triple-roots/" />
<meta property="og:locale" content="en_US" />
<meta property="og:type" content="article" />
<meta property="og:title" content="Triple Roots &#8211; Éric Séva : Saxophoniste et compositeur" />
<meta property="og:description" content="Eric Séva was aware of this when he created this trio, bringing together Kevin Reveyrand and Jean-Luc Di Fraya. The bandmembers are united by many a" />
<meta property="og:url" content="https://www.ericseva.com/en/project/triple-roots/" />
<meta property="og:site_name" content="Éric Séva" />
<meta property="article:publisher" content="https://www.facebook.com/EricSevaSaxophonisteCompositeur/" />
<meta property="article:modified_time" content="2023-02-23T14:23:40+00:00" />
<meta name="twitter:card" content="summary_large_image" />
<meta name="twitter:label1" content="Est. reading time" />
	<meta name="twitter:data1" content="1 minute" />
<script type="application/ld+json" class="yoast-schema-graph">{"@context":"https://schema.org","@graph":[{"@type":"WebPage","@id":"https://www.ericseva.com/en/project/triple-roots/","url":"https://www.ericseva.com/en/project/triple-roots/","name":"Triple Roots &#8211; Éric Séva : Saxophoniste et compositeur","isPartOf":{"@id":"https://www.ericseva.com/en/#website"},"datePublished":"2023-02-23T14:23:38+00:00","dateModified":"2023-02-23T14:23:40+00:00","description":"Eric Séva was aware of this when he created this trio, bringing together Kevin Reveyrand and Jean-Luc Di Fraya. The bandmembers are united by many a","breadcrumb":{"@id":"https://www.ericseva.com/en/project/triple-roots/#breadcrumb"},"inLanguage":"en-US","potentialAction":[{"@type":"ReadAction","target":["https://www.ericseva.com/en/project/triple-roots/"]}]},{"@type":"BreadcrumbList","@id":"https://www.ericseva.com/en/project/triple-roots/#breadcrumb","itemListElement":[{"@type":"ListItem","position":1,"name":"Accueil","item":"https://www.ericseva.com/en/"},{"@type":"ListItem","position":2,"name":"Triple Roots"}]},{"@type":"WebSite","@id":"https://www.ericseva.com/en/#website","url":"https://www.ericseva.com/en/","name":"Éric Séva","description":"Saxophoniste et compositeur","potentialAction":[{"@type":"SearchAction","target":{"@type":"EntryPoint","urlTemplate":"https://www.ericseva.com/en/?s={search_term_string}"},"query-input":"required name=search_term_string"}],"inLanguage":"en-US"}]}</script>
<!-- / Yoast SEO plugin. -->

Triple Roots &#8211; Éric Séva : Saxophoniste et compositeur

Eric Séva was aware of this when he created this trio, bringing together Kevin Reveyrand and Jean-Luc Di Fraya. The bandmembers are united by many a

Éric Séva
