{"id":2936,"date":"2022-03-07T14:24:50","date_gmt":"2022-03-07T13:24:50","guid":{"rendered":"https:\/\/www.ericseva.com\/evenement\/concert-en-solo-itinerance-jazz-garonne-47\/"},"modified":"2022-03-07T14:24:50","modified_gmt":"2022-03-07T13:24:50","slug":"concert-en-solo-itinerance-jazz-garonne-47","status":"publish","type":"tribe_events","link":"https:\/\/www.ericseva.com\/en\/evenement\/concert-en-solo-itinerance-jazz-garonne-47\/","title":{"rendered":"Concert en solo ! | Itin\u00e9rance Jazz &amp; Garonne (47)"},"content":{"rendered":"<blockquote class=\"wp-embedded-content\" data-secret=\"kN7qXdE9aJ\"><p><a href=\"https:\/\/www.ericseva.com\/concert\/jean-pierre-mas-quartet-festival-pablo-casals-66-390-574-155\/\">Concert en solo ! | Itin\u00e9rance Jazz &#038; Garonne (47)<\/a><\/p><\/blockquote>\n<p><iframe class=\"wp-embedded-content\" sandbox=\"allow-scripts\" security=\"restricted\" style=\"position: absolute; clip: rect(1px, 1px, 1px, 1px);\" title=\"\u00ab\u00a0Concert en solo ! | Itin\u00e9rance Jazz &#038; Garonne (47)\u00a0\u00bb &#8212; \u00c9ric S\u00e9va\" src=\"https:\/\/www.ericseva.com\/concert\/jean-pierre-mas-quartet-festival-pablo-casals-66-390-574-155\/embed\/#?secret=PwOjovjJSy#?secret=kN7qXdE9aJ\" data-secret=\"kN7qXdE9aJ\" width=\"600\" height=\"338\" frameborder=\"0\" marginwidth=\"0\" marginheight=\"0\" scrolling=\"no\"><\/iframe><\/p>\n","protected":false},"excerpt":{"rendered":"<p>Concert en solo ! | Itin\u00e9rance Jazz &#038; Garonne (47)<\/p>\n","protected":false},"author":4,"featured_media":0,"template":"","meta":{"_EventAllDay":false,"_EventTimezone":"Europe\/Paris","_EventStartDate":"2021-07-16 00:00:00","_EventEndDate":"2021-07-16 00:00:00","_EventStartDateUTC":"2021-07-15 22:00:00","_EventEndDateUTC":"2021-07-15 22:00:00","_EventShowMap":false,"_EventShowMapLink":false,"_EventURL":"","_EventCost":"","_EventCostDescription":"","_EventCurrencySymbol":"","_EventCurrencyCode":"","_EventCurrencyPosition":"prefix","_EventDateTimeSeparator":"","_EventTimeRangeSeparator":"","_EventOrganizerID":[],"_EventVenueID":[],"_OrganizerEmail":"","_OrganizerPhone":"","_OrganizerWebsite":"","_VenueAddress":"","_VenueCity":"","_VenueCountry":"","_VenueProvince":"","_VenueState":"","_VenueZip":"","_VenuePhone":"","_VenueURL":"","_VenueStateProvince":"","_VenueLat":"","_VenueLng":"","_VenueShowMap":false,"_VenueShowMapLink":false,"_tribe_events_status":"","_tribe_events_status_reason":""},"tags":[],"tribe_events_cat":[],"yoast_head":"<!-- This site is optimized with the Yoast SEO plugin v22.6 - https:\/\/yoast.com\/wordpress\/plugins\/seo\/ -->\n<title>Concert en solo ! | Itin\u00e9rance Jazz &amp; Garonne (47) &#8211; \u00c9ric S\u00e9va<\/title>\n<meta name=\"description\" content=\"https:\/\/www.ericseva.com\/concert\/jean-pierre-mas-quartet-festival-pablo-casals-66-390-574-155\/\" \/>\n<meta name=\"robots\" content=\"index, follow, max-snippet:-1, max-image-preview:large, max-video-preview:-1\" \/>\n<link rel=\"canonical\" href=\"https:\/\/www.ericseva.com\/evenement\/concert-en-solo-itinerance-jazz-garonne-47\/\" \/>\n<meta property=\"og:locale\" content=\"en_US\" \/>\n<meta property=\"og:type\" content=\"article\" \/>\n<meta property=\"og:title\" content=\"Concert en solo ! | Itin\u00e9rance Jazz &amp; Garonne (47) &#8211; \u00c9ric S\u00e9va\" \/>\n<meta property=\"og:description\" content=\"https:\/\/www.ericseva.com\/concert\/jean-pierre-mas-quartet-festival-pablo-casals-66-390-574-155\/\" \/>\n<meta property=\"og:url\" content=\"https:\/\/www.ericseva.com\/evenement\/concert-en-solo-itinerance-jazz-garonne-47\/\" \/>\n<meta property=\"og:site_name\" content=\"\u00c9ric S\u00e9va\" \/>\n<meta property=\"article:publisher\" content=\"https:\/\/www.facebook.com\/EricSevaSaxophonisteCompositeur\/\" \/>\n<meta name=\"twitter:card\" content=\"summary_large_image\" \/>\n<script type=\"application\/ld+json\" class=\"yoast-schema-graph\">{\"@context\":\"https:\/\/schema.org\",\"@graph\":[{\"@type\":\"WebPage\",\"@id\":\"https:\/\/www.ericseva.com\/evenement\/concert-en-solo-itinerance-jazz-garonne-47\/\",\"url\":\"https:\/\/www.ericseva.com\/evenement\/concert-en-solo-itinerance-jazz-garonne-47\/\",\"name\":\"Concert en solo ! | Itin\u00e9rance Jazz &amp; Garonne (47) &#8211; \u00c9ric S\u00e9va\",\"isPartOf\":{\"@id\":\"https:\/\/www.ericseva.com\/en\/#website\"},\"datePublished\":\"2022-03-07T13:24:50+00:00\",\"dateModified\":\"2022-03-07T13:24:50+00:00\",\"description\":\"https:\/\/www.ericseva.com\/concert\/jean-pierre-mas-quartet-festival-pablo-casals-66-390-574-155\/\",\"breadcrumb\":{\"@id\":\"https:\/\/www.ericseva.com\/evenement\/concert-en-solo-itinerance-jazz-garonne-47\/#breadcrumb\"},\"inLanguage\":\"en-US\",\"potentialAction\":[{\"@type\":\"ReadAction\",\"target\":[\"https:\/\/www.ericseva.com\/evenement\/concert-en-solo-itinerance-jazz-garonne-47\/\"]}]},{\"@type\":\"BreadcrumbList\",\"@id\":\"https:\/\/www.ericseva.com\/evenement\/concert-en-solo-itinerance-jazz-garonne-47\/#breadcrumb\",\"itemListElement\":[{\"@type\":\"ListItem\",\"position\":1,\"name\":\"Accueil\",\"item\":\"https:\/\/www.ericseva.com\/en\/\"},{\"@type\":\"ListItem\",\"position\":2,\"name\":\"\u00c9v\u00e8nements\",\"item\":\"https:\/\/www.ericseva.com\/evenements\/\"},{\"@type\":\"ListItem\",\"position\":3,\"name\":\"Concert en solo ! | Itin\u00e9rance Jazz &amp; Garonne (47)\"}]},{\"@type\":\"WebSite\",\"@id\":\"https:\/\/www.ericseva.com\/en\/#website\",\"url\":\"https:\/\/www.ericseva.com\/en\/\",\"name\":\"\u00c9ric S\u00e9va\",\"description\":\"Saxophoniste et compositeur\",\"potentialAction\":[{\"@type\":\"SearchAction\",\"target\":{\"@type\":\"EntryPoint\",\"urlTemplate\":\"https:\/\/www.ericseva.com\/en\/?s={search_term_string}\"},\"query-input\":\"required name=search_term_string\"}],\"inLanguage\":\"en-US\"}]}<\/script>\n<!-- \/ Yoast SEO plugin. -->","yoast_head_json":{"title":"Concert en solo ! | Itin\u00e9rance Jazz &amp; Garonne (47) &#8211; \u00c9ric S\u00e9va","description":"https:\/\/www.ericseva.com\/concert\/jean-pierre-mas-quartet-festival-pablo-casals-66-390-574-155\/","robots":{"index":"index","follow":"follow","max-snippet":"max-snippet:-1","max-image-preview":"max-image-preview:large","max-video-preview":"max-video-preview:-1"},"canonical":"https:\/\/www.ericseva.com\/evenement\/concert-en-solo-itinerance-jazz-garonne-47\/","og_locale":"en_US","og_type":"article","og_title":"Concert en solo ! | Itin\u00e9rance Jazz &amp; Garonne (47) &#8211; \u00c9ric S\u00e9va","og_description":"https:\/\/www.ericseva.com\/concert\/jean-pierre-mas-quartet-festival-pablo-casals-66-390-574-155\/","og_url":"https:\/\/www.ericseva.com\/evenement\/concert-en-solo-itinerance-jazz-garonne-47\/","og_site_name":"\u00c9ric S\u00e9va","article_publisher":"https:\/\/www.facebook.com\/EricSevaSaxophonisteCompositeur\/","twitter_card":"summary_large_image","schema":{"@context":"https:\/\/schema.org","@graph":[{"@type":"WebPage","@id":"https:\/\/www.ericseva.com\/evenement\/concert-en-solo-itinerance-jazz-garonne-47\/","url":"https:\/\/www.ericseva.com\/evenement\/concert-en-solo-itinerance-jazz-garonne-47\/","name":"Concert en solo ! | Itin\u00e9rance Jazz &amp; Garonne (47) &#8211; \u00c9ric S\u00e9va","isPartOf":{"@id":"https:\/\/www.ericseva.com\/en\/#website"},"datePublished":"2022-03-07T13:24:50+00:00","dateModified":"2022-03-07T13:24:50+00:00","description":"https:\/\/www.ericseva.com\/concert\/jean-pierre-mas-quartet-festival-pablo-casals-66-390-574-155\/","breadcrumb":{"@id":"https:\/\/www.ericseva.com\/evenement\/concert-en-solo-itinerance-jazz-garonne-47\/#breadcrumb"},"inLanguage":"en-US","potentialAction":[{"@type":"ReadAction","target":["https:\/\/www.ericseva.com\/evenement\/concert-en-solo-itinerance-jazz-garonne-47\/"]}]},{"@type":"BreadcrumbList","@id":"https:\/\/www.ericseva.com\/evenement\/concert-en-solo-itinerance-jazz-garonne-47\/#breadcrumb","itemListElement":[{"@type":"ListItem","position":1,"name":"Accueil","item":"https:\/\/www.ericseva.com\/en\/"},{"@type":"ListItem","position":2,"name":"\u00c9v\u00e8nements","item":"https:\/\/www.ericseva.com\/evenements\/"},{"@type":"ListItem","position":3,"name":"Concert en solo ! | Itin\u00e9rance Jazz &amp; Garonne (47)"}]},{"@type":"WebSite","@id":"https:\/\/www.ericseva.com\/en\/#website","url":"https:\/\/www.ericseva.com\/en\/","name":"\u00c9ric S\u00e9va","description":"Saxophoniste et compositeur","potentialAction":[{"@type":"SearchAction","target":{"@type":"EntryPoint","urlTemplate":"https:\/\/www.ericseva.com\/en\/?s={search_term_string}"},"query-input":"required name=search_term_string"}],"inLanguage":"en-US"}]}},"_links":{"self":[{"href":"https:\/\/www.ericseva.com\/en\/wp-json\/wp\/v2\/tribe_events\/2936"}],"collection":[{"href":"https:\/\/www.ericseva.com\/en\/wp-json\/wp\/v2\/tribe_events"}],"about":[{"href":"https:\/\/www.ericseva.com\/en\/wp-json\/wp\/v2\/types\/tribe_events"}],"author":[{"embeddable":true,"href":"https:\/\/www.ericseva.com\/en\/wp-json\/wp\/v2\/users\/4"}],"version-history":[{"count":0,"href":"https:\/\/www.ericseva.com\/en\/wp-json\/wp\/v2\/tribe_events\/2936\/revisions"}],"wp:attachment":[{"href":"https:\/\/www.ericseva.com\/en\/wp-json\/wp\/v2\/media?parent=2936"}],"wp:term":[{"taxonomy":"post_tag","embeddable":true,"href":"https:\/\/www.ericseva.com\/en\/wp-json\/wp\/v2\/tags?post=2936"},{"taxonomy":"tribe_events_cat","embeddable":true,"href":"https:\/\/www.ericseva.com\/en\/wp-json\/wp\/v2\/tribe_events_cat?post=2936"}],"curies":[{"name":"wp","href":"https:\/\/api.w.org\/{rel}","templated":true}]}}

Concert en solo ! | Itinérance Jazz &amp; Garonne (47)

<blockquote class="wp-embedded-content" data-secret="kN7qXdE9aJ"><p><a href="https://www.ericseva.com/concert/jean-pierre-mas-quartet-festival-pablo-casals-66-390-574-155/">Concert en solo ! | Itinérance Jazz &#038; Garonne (47)</a></p></blockquote>
<p><iframe class="wp-embedded-content" sandbox="allow-scripts" security="restricted" style="position: absolute; clip: rect(1px, 1px, 1px, 1px);" title="« Concert en solo ! | Itinérance Jazz &#038; Garonne (47) » &#8212; Éric Séva" src="https://www.ericseva.com/concert/jean-pierre-mas-quartet-festival-pablo-casals-66-390-574-155/embed/#?secret=PwOjovjJSy#?secret=kN7qXdE9aJ" data-secret="kN7qXdE9aJ" width="600" height="338" frameborder="0" marginwidth="0" marginheight="0" scrolling="no"></iframe></p>

<p>Concert en solo ! | Itinérance Jazz &#038; Garonne (47)</p>

<!-- This site is optimized with the Yoast SEO plugin v22.6 - https://yoast.com/wordpress/plugins/seo/ -->
<title>Concert en solo ! | Itinérance Jazz &amp; Garonne (47) &#8211; Éric Séva</title>
<meta name="description" content="https://www.ericseva.com/concert/jean-pierre-mas-quartet-festival-pablo-casals-66-390-574-155/" />
<meta name="robots" content="index, follow, max-snippet:-1, max-image-preview:large, max-video-preview:-1" />
<link rel="canonical" href="https://www.ericseva.com/evenement/concert-en-solo-itinerance-jazz-garonne-47/" />
<meta property="og:locale" content="en_US" />
<meta property="og:type" content="article" />
<meta property="og:title" content="Concert en solo ! | Itinérance Jazz &amp; Garonne (47) &#8211; Éric Séva" />
<meta property="og:description" content="https://www.ericseva.com/concert/jean-pierre-mas-quartet-festival-pablo-casals-66-390-574-155/" />
<meta property="og:url" content="https://www.ericseva.com/evenement/concert-en-solo-itinerance-jazz-garonne-47/" />
<meta property="og:site_name" content="Éric Séva" />
<meta property="article:publisher" content="https://www.facebook.com/EricSevaSaxophonisteCompositeur/" />
<meta name="twitter:card" content="summary_large_image" />
<script type="application/ld+json" class="yoast-schema-graph">{"@context":"https://schema.org","@graph":[{"@type":"WebPage","@id":"https://www.ericseva.com/evenement/concert-en-solo-itinerance-jazz-garonne-47/","url":"https://www.ericseva.com/evenement/concert-en-solo-itinerance-jazz-garonne-47/","name":"Concert en solo ! | Itinérance Jazz &amp; Garonne (47) &#8211; Éric Séva","isPartOf":{"@id":"https://www.ericseva.com/en/#website"},"datePublished":"2022-03-07T13:24:50+00:00","dateModified":"2022-03-07T13:24:50+00:00","description":"https://www.ericseva.com/concert/jean-pierre-mas-quartet-festival-pablo-casals-66-390-574-155/","breadcrumb":{"@id":"https://www.ericseva.com/evenement/concert-en-solo-itinerance-jazz-garonne-47/#breadcrumb"},"inLanguage":"en-US","potentialAction":[{"@type":"ReadAction","target":["https://www.ericseva.com/evenement/concert-en-solo-itinerance-jazz-garonne-47/"]}]},{"@type":"BreadcrumbList","@id":"https://www.ericseva.com/evenement/concert-en-solo-itinerance-jazz-garonne-47/#breadcrumb","itemListElement":[{"@type":"ListItem","position":1,"name":"Accueil","item":"https://www.ericseva.com/en/"},{"@type":"ListItem","position":2,"name":"Évènements","item":"https://www.ericseva.com/evenements/"},{"@type":"ListItem","position":3,"name":"Concert en solo ! | Itinérance Jazz &amp; Garonne (47)"}]},{"@type":"WebSite","@id":"https://www.ericseva.com/en/#website","url":"https://www.ericseva.com/en/","name":"Éric Séva","description":"Saxophoniste et compositeur","potentialAction":[{"@type":"SearchAction","target":{"@type":"EntryPoint","urlTemplate":"https://www.ericseva.com/en/?s={search_term_string}"},"query-input":"required name=search_term_string"}],"inLanguage":"en-US"}]}</script>
<!-- / Yoast SEO plugin. -->

Concert en solo ! | Itinérance Jazz &amp; Garonne (47) &#8211; Éric Séva

Éric Séva

Évènements
