{"id":2954,"date":"2022-03-07T14:32:56","date_gmt":"2022-03-07T13:32:56","guid":{"rendered":"https:\/\/www.ericseva.com\/evenement\/triple-roots-festival-sons-dete-2021-33\/"},"modified":"2022-03-07T14:32:56","modified_gmt":"2022-03-07T13:32:56","slug":"triple-roots-festival-sons-dete-2021-33","status":"publish","type":"tribe_events","link":"https:\/\/www.ericseva.com\/en\/evenement\/triple-roots-festival-sons-dete-2021-33\/","title":{"rendered":"Triple Roots | FESTIVAL SONS D\u2019\u00c9T\u00c9 2021 (33)"},"content":{"rendered":"<p>https:\/\/lerocherdepalmer.fr\/sons.d.ete\/2021\/<\/p>\n","protected":false},"excerpt":{"rendered":"<p>https:\/\/lerocherdepalmer.fr\/sons.d.ete\/2021\/<\/p>\n","protected":false},"author":4,"featured_media":0,"template":"","meta":{"_EventAllDay":false,"_EventTimezone":"Europe\/Paris","_EventStartDate":"2021-07-14 00:00:00","_EventEndDate":"2021-07-14 00:00:00","_EventStartDateUTC":"2021-07-13 22:00:00","_EventEndDateUTC":"2021-07-13 22:00:00","_EventShowMap":false,"_EventShowMapLink":false,"_EventURL":"","_EventCost":"","_EventCostDescription":"","_EventCurrencySymbol":"","_EventCurrencyCode":"","_EventCurrencyPosition":"prefix","_EventDateTimeSeparator":"","_EventTimeRangeSeparator":"","_EventOrganizerID":[],"_EventVenueID":[],"_OrganizerEmail":"","_OrganizerPhone":"","_OrganizerWebsite":"","_VenueAddress":"","_VenueCity":"","_VenueCountry":"","_VenueProvince":"","_VenueState":"","_VenueZip":"","_VenuePhone":"","_VenueURL":"","_VenueStateProvince":"","_VenueLat":"","_VenueLng":"","_VenueShowMap":false,"_VenueShowMapLink":false,"_tribe_events_status":"","_tribe_events_status_reason":""},"tags":[],"tribe_events_cat":[],"yoast_head":"<!-- This site is optimized with the Yoast SEO plugin v22.6 - https:\/\/yoast.com\/wordpress\/plugins\/seo\/ -->\n<title>Triple Roots | FESTIVAL SONS D\u2019\u00c9T\u00c9 2021 (33) &#8211; \u00c9ric S\u00e9va<\/title>\n<meta name=\"description\" content=\"https:\/\/lerocherdepalmer.fr\/sons.d.ete\/2021\/\" \/>\n<meta name=\"robots\" content=\"index, follow, max-snippet:-1, max-image-preview:large, max-video-preview:-1\" \/>\n<link rel=\"canonical\" href=\"https:\/\/www.ericseva.com\/evenement\/triple-roots-festival-sons-dete-2021-33\/\" \/>\n<meta property=\"og:locale\" content=\"en_US\" \/>\n<meta property=\"og:type\" content=\"article\" \/>\n<meta property=\"og:title\" content=\"Triple Roots | FESTIVAL SONS D\u2019\u00c9T\u00c9 2021 (33) &#8211; \u00c9ric S\u00e9va\" \/>\n<meta property=\"og:description\" content=\"https:\/\/lerocherdepalmer.fr\/sons.d.ete\/2021\/\" \/>\n<meta property=\"og:url\" content=\"https:\/\/www.ericseva.com\/evenement\/triple-roots-festival-sons-dete-2021-33\/\" \/>\n<meta property=\"og:site_name\" content=\"\u00c9ric S\u00e9va\" \/>\n<meta property=\"article:publisher\" content=\"https:\/\/www.facebook.com\/EricSevaSaxophonisteCompositeur\/\" \/>\n<meta name=\"twitter:card\" content=\"summary_large_image\" \/>\n<script type=\"application\/ld+json\" class=\"yoast-schema-graph\">{\"@context\":\"https:\/\/schema.org\",\"@graph\":[{\"@type\":\"WebPage\",\"@id\":\"https:\/\/www.ericseva.com\/evenement\/triple-roots-festival-sons-dete-2021-33\/\",\"url\":\"https:\/\/www.ericseva.com\/evenement\/triple-roots-festival-sons-dete-2021-33\/\",\"name\":\"Triple Roots | FESTIVAL SONS D\u2019\u00c9T\u00c9 2021 (33) &#8211; \u00c9ric S\u00e9va\",\"isPartOf\":{\"@id\":\"https:\/\/www.ericseva.com\/en\/#website\"},\"datePublished\":\"2022-03-07T13:32:56+00:00\",\"dateModified\":\"2022-03-07T13:32:56+00:00\",\"description\":\"https:\/\/lerocherdepalmer.fr\/sons.d.ete\/2021\/\",\"breadcrumb\":{\"@id\":\"https:\/\/www.ericseva.com\/evenement\/triple-roots-festival-sons-dete-2021-33\/#breadcrumb\"},\"inLanguage\":\"en-US\",\"potentialAction\":[{\"@type\":\"ReadAction\",\"target\":[\"https:\/\/www.ericseva.com\/evenement\/triple-roots-festival-sons-dete-2021-33\/\"]}]},{\"@type\":\"BreadcrumbList\",\"@id\":\"https:\/\/www.ericseva.com\/evenement\/triple-roots-festival-sons-dete-2021-33\/#breadcrumb\",\"itemListElement\":[{\"@type\":\"ListItem\",\"position\":1,\"name\":\"Accueil\",\"item\":\"https:\/\/www.ericseva.com\/en\/\"},{\"@type\":\"ListItem\",\"position\":2,\"name\":\"\u00c9v\u00e8nements\",\"item\":\"https:\/\/www.ericseva.com\/evenements\/\"},{\"@type\":\"ListItem\",\"position\":3,\"name\":\"Triple Roots | FESTIVAL SONS D\u2019\u00c9T\u00c9 2021 (33)\"}]},{\"@type\":\"WebSite\",\"@id\":\"https:\/\/www.ericseva.com\/en\/#website\",\"url\":\"https:\/\/www.ericseva.com\/en\/\",\"name\":\"\u00c9ric S\u00e9va\",\"description\":\"Saxophoniste et compositeur\",\"potentialAction\":[{\"@type\":\"SearchAction\",\"target\":{\"@type\":\"EntryPoint\",\"urlTemplate\":\"https:\/\/www.ericseva.com\/en\/?s={search_term_string}\"},\"query-input\":\"required name=search_term_string\"}],\"inLanguage\":\"en-US\"}]}<\/script>\n<!-- \/ Yoast SEO plugin. -->","yoast_head_json":{"title":"Triple Roots | FESTIVAL SONS D\u2019\u00c9T\u00c9 2021 (33) &#8211; \u00c9ric S\u00e9va","description":"https:\/\/lerocherdepalmer.fr\/sons.d.ete\/2021\/","robots":{"index":"index","follow":"follow","max-snippet":"max-snippet:-1","max-image-preview":"max-image-preview:large","max-video-preview":"max-video-preview:-1"},"canonical":"https:\/\/www.ericseva.com\/evenement\/triple-roots-festival-sons-dete-2021-33\/","og_locale":"en_US","og_type":"article","og_title":"Triple Roots | FESTIVAL SONS D\u2019\u00c9T\u00c9 2021 (33) &#8211; \u00c9ric S\u00e9va","og_description":"https:\/\/lerocherdepalmer.fr\/sons.d.ete\/2021\/","og_url":"https:\/\/www.ericseva.com\/evenement\/triple-roots-festival-sons-dete-2021-33\/","og_site_name":"\u00c9ric S\u00e9va","article_publisher":"https:\/\/www.facebook.com\/EricSevaSaxophonisteCompositeur\/","twitter_card":"summary_large_image","schema":{"@context":"https:\/\/schema.org","@graph":[{"@type":"WebPage","@id":"https:\/\/www.ericseva.com\/evenement\/triple-roots-festival-sons-dete-2021-33\/","url":"https:\/\/www.ericseva.com\/evenement\/triple-roots-festival-sons-dete-2021-33\/","name":"Triple Roots | FESTIVAL SONS D\u2019\u00c9T\u00c9 2021 (33) &#8211; \u00c9ric S\u00e9va","isPartOf":{"@id":"https:\/\/www.ericseva.com\/en\/#website"},"datePublished":"2022-03-07T13:32:56+00:00","dateModified":"2022-03-07T13:32:56+00:00","description":"https:\/\/lerocherdepalmer.fr\/sons.d.ete\/2021\/","breadcrumb":{"@id":"https:\/\/www.ericseva.com\/evenement\/triple-roots-festival-sons-dete-2021-33\/#breadcrumb"},"inLanguage":"en-US","potentialAction":[{"@type":"ReadAction","target":["https:\/\/www.ericseva.com\/evenement\/triple-roots-festival-sons-dete-2021-33\/"]}]},{"@type":"BreadcrumbList","@id":"https:\/\/www.ericseva.com\/evenement\/triple-roots-festival-sons-dete-2021-33\/#breadcrumb","itemListElement":[{"@type":"ListItem","position":1,"name":"Accueil","item":"https:\/\/www.ericseva.com\/en\/"},{"@type":"ListItem","position":2,"name":"\u00c9v\u00e8nements","item":"https:\/\/www.ericseva.com\/evenements\/"},{"@type":"ListItem","position":3,"name":"Triple Roots | FESTIVAL SONS D\u2019\u00c9T\u00c9 2021 (33)"}]},{"@type":"WebSite","@id":"https:\/\/www.ericseva.com\/en\/#website","url":"https:\/\/www.ericseva.com\/en\/","name":"\u00c9ric S\u00e9va","description":"Saxophoniste et compositeur","potentialAction":[{"@type":"SearchAction","target":{"@type":"EntryPoint","urlTemplate":"https:\/\/www.ericseva.com\/en\/?s={search_term_string}"},"query-input":"required name=search_term_string"}],"inLanguage":"en-US"}]}},"_links":{"self":[{"href":"https:\/\/www.ericseva.com\/en\/wp-json\/wp\/v2\/tribe_events\/2954"}],"collection":[{"href":"https:\/\/www.ericseva.com\/en\/wp-json\/wp\/v2\/tribe_events"}],"about":[{"href":"https:\/\/www.ericseva.com\/en\/wp-json\/wp\/v2\/types\/tribe_events"}],"author":[{"embeddable":true,"href":"https:\/\/www.ericseva.com\/en\/wp-json\/wp\/v2\/users\/4"}],"version-history":[{"count":0,"href":"https:\/\/www.ericseva.com\/en\/wp-json\/wp\/v2\/tribe_events\/2954\/revisions"}],"wp:attachment":[{"href":"https:\/\/www.ericseva.com\/en\/wp-json\/wp\/v2\/media?parent=2954"}],"wp:term":[{"taxonomy":"post_tag","embeddable":true,"href":"https:\/\/www.ericseva.com\/en\/wp-json\/wp\/v2\/tags?post=2954"},{"taxonomy":"tribe_events_cat","embeddable":true,"href":"https:\/\/www.ericseva.com\/en\/wp-json\/wp\/v2\/tribe_events_cat?post=2954"}],"curies":[{"name":"wp","href":"https:\/\/api.w.org\/{rel}","templated":true}]}}

Triple Roots | FESTIVAL SONS D’ÉTÉ 2021 (33)

<!-- This site is optimized with the Yoast SEO plugin v22.6 - https://yoast.com/wordpress/plugins/seo/ -->
<title>Triple Roots | FESTIVAL SONS D’ÉTÉ 2021 (33) &#8211; Éric Séva</title>
<meta name="description" content="https://lerocherdepalmer.fr/sons.d.ete/2021/" />
<meta name="robots" content="index, follow, max-snippet:-1, max-image-preview:large, max-video-preview:-1" />
<link rel="canonical" href="https://www.ericseva.com/evenement/triple-roots-festival-sons-dete-2021-33/" />
<meta property="og:locale" content="en_US" />
<meta property="og:type" content="article" />
<meta property="og:title" content="Triple Roots | FESTIVAL SONS D’ÉTÉ 2021 (33) &#8211; Éric Séva" />
<meta property="og:description" content="https://lerocherdepalmer.fr/sons.d.ete/2021/" />
<meta property="og:url" content="https://www.ericseva.com/evenement/triple-roots-festival-sons-dete-2021-33/" />
<meta property="og:site_name" content="Éric Séva" />
<meta property="article:publisher" content="https://www.facebook.com/EricSevaSaxophonisteCompositeur/" />
<meta name="twitter:card" content="summary_large_image" />
<script type="application/ld+json" class="yoast-schema-graph">{"@context":"https://schema.org","@graph":[{"@type":"WebPage","@id":"https://www.ericseva.com/evenement/triple-roots-festival-sons-dete-2021-33/","url":"https://www.ericseva.com/evenement/triple-roots-festival-sons-dete-2021-33/","name":"Triple Roots | FESTIVAL SONS D’ÉTÉ 2021 (33) &#8211; Éric Séva","isPartOf":{"@id":"https://www.ericseva.com/en/#website"},"datePublished":"2022-03-07T13:32:56+00:00","dateModified":"2022-03-07T13:32:56+00:00","description":"https://lerocherdepalmer.fr/sons.d.ete/2021/","breadcrumb":{"@id":"https://www.ericseva.com/evenement/triple-roots-festival-sons-dete-2021-33/#breadcrumb"},"inLanguage":"en-US","potentialAction":[{"@type":"ReadAction","target":["https://www.ericseva.com/evenement/triple-roots-festival-sons-dete-2021-33/"]}]},{"@type":"BreadcrumbList","@id":"https://www.ericseva.com/evenement/triple-roots-festival-sons-dete-2021-33/#breadcrumb","itemListElement":[{"@type":"ListItem","position":1,"name":"Accueil","item":"https://www.ericseva.com/en/"},{"@type":"ListItem","position":2,"name":"Évènements","item":"https://www.ericseva.com/evenements/"},{"@type":"ListItem","position":3,"name":"Triple Roots | FESTIVAL SONS D’ÉTÉ 2021 (33)"}]},{"@type":"WebSite","@id":"https://www.ericseva.com/en/#website","url":"https://www.ericseva.com/en/","name":"Éric Séva","description":"Saxophoniste et compositeur","potentialAction":[{"@type":"SearchAction","target":{"@type":"EntryPoint","urlTemplate":"https://www.ericseva.com/en/?s={search_term_string}"},"query-input":"required name=search_term_string"}],"inLanguage":"en-US"}]}</script>
<!-- / Yoast SEO plugin. -->

Triple Roots | FESTIVAL SONS D’ÉTÉ 2021 (33) &#8211; Éric Séva

Éric Séva

Évènements
