{"id":2985,"date":"2022-03-07T16:21:59","date_gmt":"2022-03-07T15:21:59","guid":{"rendered":"https:\/\/www.ericseva.com\/evenement\/kafe-groppi-de-khalil-chahine-group\/"},"modified":"2022-03-07T16:21:59","modified_gmt":"2022-03-07T15:21:59","slug":"kafe-groppi-de-khalil-chahine-group","status":"publish","type":"tribe_events","link":"https:\/\/www.ericseva.com\/en\/evenement\/kafe-groppi-de-khalil-chahine-group\/","title":{"rendered":"\u00ab Kaf\u00e9 Groppi \u00bb de Khalil Chahine Group"},"content":{"rendered":"<p>Sortie d&#8217;album<\/p>\n<ul>\n<li><strong>Khalil Chahine<\/strong>, guitares<\/li>\n<li><strong>\u00c9ric S\u00e9va<\/strong>, saxophones t\u00e9nor, soprano<\/li>\n<li><strong>Christophe Crav\u00e9ro<\/strong>, piano<\/li>\n<li><strong>Andr\u00e9 Cecarelli<\/strong>, batterie<\/li>\n<li><strong>Kevin Reveyrand<\/strong>, Basse<\/li>\n<\/ul>\n","protected":false},"excerpt":{"rendered":"<p>Sortie d&#8217;album Khalil Chahine, guitares \u00c9ric S\u00e9va, saxophones t\u00e9nor, soprano Christophe Crav\u00e9ro, piano Andr\u00e9 Cecarelli, batterie Kevin Reveyrand, Basse<\/p>\n","protected":false},"author":4,"featured_media":0,"template":"","meta":{"_EventAllDay":false,"_EventTimezone":"Europe\/Paris","_EventStartDate":"2018-12-12 00:00:00","_EventEndDate":"2018-12-12 00:00:00","_EventStartDateUTC":"2018-12-11 23:00:00","_EventEndDateUTC":"2018-12-11 23:00:00","_EventShowMap":false,"_EventShowMapLink":false,"_EventURL":"","_EventCost":"","_EventCostDescription":"","_EventCurrencySymbol":"","_EventCurrencyCode":"","_EventCurrencyPosition":"prefix","_EventDateTimeSeparator":"","_EventTimeRangeSeparator":"","_EventOrganizerID":[],"_EventVenueID":[],"_OrganizerEmail":"","_OrganizerPhone":"","_OrganizerWebsite":"","_VenueAddress":"","_VenueCity":"","_VenueCountry":"","_VenueProvince":"","_VenueState":"","_VenueZip":"","_VenuePhone":"","_VenueURL":"","_VenueStateProvince":"","_VenueLat":"","_VenueLng":"","_VenueShowMap":false,"_VenueShowMapLink":false,"_tribe_events_status":"","_tribe_events_status_reason":""},"tags":[],"tribe_events_cat":[],"yoast_head":"<!-- This site is optimized with the Yoast SEO plugin v22.6 - https:\/\/yoast.com\/wordpress\/plugins\/seo\/ -->\n<title>\u00ab Kaf\u00e9 Groppi \u00bb de Khalil Chahine Group &#8211; \u00c9ric S\u00e9va<\/title>\n<meta name=\"description\" content=\"Sortie d&#039;album Khalil Chahine, guitares \u00c9ric S\u00e9va, saxophones t\u00e9nor, soprano Christophe Crav\u00e9ro, piano Andr\u00e9 Cecarelli, batterie Kevin Reveyrand,\" \/>\n<meta name=\"robots\" content=\"index, follow, max-snippet:-1, max-image-preview:large, max-video-preview:-1\" \/>\n<link rel=\"canonical\" href=\"https:\/\/www.ericseva.com\/evenement\/kafe-groppi-de-khalil-chahine-group\/\" \/>\n<meta property=\"og:locale\" content=\"en_US\" \/>\n<meta property=\"og:type\" content=\"article\" \/>\n<meta property=\"og:title\" content=\"\u00ab Kaf\u00e9 Groppi \u00bb de Khalil Chahine Group &#8211; \u00c9ric S\u00e9va\" \/>\n<meta property=\"og:description\" content=\"Sortie d&#039;album Khalil Chahine, guitares \u00c9ric S\u00e9va, saxophones t\u00e9nor, soprano Christophe Crav\u00e9ro, piano Andr\u00e9 Cecarelli, batterie Kevin Reveyrand,\" \/>\n<meta property=\"og:url\" content=\"https:\/\/www.ericseva.com\/evenement\/kafe-groppi-de-khalil-chahine-group\/\" \/>\n<meta property=\"og:site_name\" content=\"\u00c9ric S\u00e9va\" \/>\n<meta property=\"article:publisher\" content=\"https:\/\/www.facebook.com\/EricSevaSaxophonisteCompositeur\/\" \/>\n<meta name=\"twitter:card\" content=\"summary_large_image\" \/>\n<script type=\"application\/ld+json\" class=\"yoast-schema-graph\">{\"@context\":\"https:\/\/schema.org\",\"@graph\":[{\"@type\":\"WebPage\",\"@id\":\"https:\/\/www.ericseva.com\/evenement\/kafe-groppi-de-khalil-chahine-group\/\",\"url\":\"https:\/\/www.ericseva.com\/evenement\/kafe-groppi-de-khalil-chahine-group\/\",\"name\":\"\u00ab Kaf\u00e9 Groppi \u00bb de Khalil Chahine Group &#8211; \u00c9ric S\u00e9va\",\"isPartOf\":{\"@id\":\"https:\/\/www.ericseva.com\/en\/#website\"},\"datePublished\":\"2022-03-07T15:21:59+00:00\",\"dateModified\":\"2022-03-07T15:21:59+00:00\",\"description\":\"Sortie d'album Khalil Chahine, guitares \u00c9ric S\u00e9va, saxophones t\u00e9nor, soprano Christophe Crav\u00e9ro, piano Andr\u00e9 Cecarelli, batterie Kevin Reveyrand,\",\"breadcrumb\":{\"@id\":\"https:\/\/www.ericseva.com\/evenement\/kafe-groppi-de-khalil-chahine-group\/#breadcrumb\"},\"inLanguage\":\"en-US\",\"potentialAction\":[{\"@type\":\"ReadAction\",\"target\":[\"https:\/\/www.ericseva.com\/evenement\/kafe-groppi-de-khalil-chahine-group\/\"]}]},{\"@type\":\"BreadcrumbList\",\"@id\":\"https:\/\/www.ericseva.com\/evenement\/kafe-groppi-de-khalil-chahine-group\/#breadcrumb\",\"itemListElement\":[{\"@type\":\"ListItem\",\"position\":1,\"name\":\"Accueil\",\"item\":\"https:\/\/www.ericseva.com\/en\/\"},{\"@type\":\"ListItem\",\"position\":2,\"name\":\"\u00c9v\u00e8nements\",\"item\":\"https:\/\/www.ericseva.com\/evenements\/\"},{\"@type\":\"ListItem\",\"position\":3,\"name\":\"\u00ab Kaf\u00e9 Groppi \u00bb de Khalil Chahine Group\"}]},{\"@type\":\"WebSite\",\"@id\":\"https:\/\/www.ericseva.com\/en\/#website\",\"url\":\"https:\/\/www.ericseva.com\/en\/\",\"name\":\"\u00c9ric S\u00e9va\",\"description\":\"Saxophoniste et compositeur\",\"potentialAction\":[{\"@type\":\"SearchAction\",\"target\":{\"@type\":\"EntryPoint\",\"urlTemplate\":\"https:\/\/www.ericseva.com\/en\/?s={search_term_string}\"},\"query-input\":\"required name=search_term_string\"}],\"inLanguage\":\"en-US\"}]}<\/script>\n<!-- \/ Yoast SEO plugin. -->","yoast_head_json":{"title":"\u00ab Kaf\u00e9 Groppi \u00bb de Khalil Chahine Group &#8211; \u00c9ric S\u00e9va","description":"Sortie d'album Khalil Chahine, guitares \u00c9ric S\u00e9va, saxophones t\u00e9nor, soprano Christophe Crav\u00e9ro, piano Andr\u00e9 Cecarelli, batterie Kevin Reveyrand,","robots":{"index":"index","follow":"follow","max-snippet":"max-snippet:-1","max-image-preview":"max-image-preview:large","max-video-preview":"max-video-preview:-1"},"canonical":"https:\/\/www.ericseva.com\/evenement\/kafe-groppi-de-khalil-chahine-group\/","og_locale":"en_US","og_type":"article","og_title":"\u00ab Kaf\u00e9 Groppi \u00bb de Khalil Chahine Group &#8211; \u00c9ric S\u00e9va","og_description":"Sortie d'album Khalil Chahine, guitares \u00c9ric S\u00e9va, saxophones t\u00e9nor, soprano Christophe Crav\u00e9ro, piano Andr\u00e9 Cecarelli, batterie Kevin Reveyrand,","og_url":"https:\/\/www.ericseva.com\/evenement\/kafe-groppi-de-khalil-chahine-group\/","og_site_name":"\u00c9ric S\u00e9va","article_publisher":"https:\/\/www.facebook.com\/EricSevaSaxophonisteCompositeur\/","twitter_card":"summary_large_image","schema":{"@context":"https:\/\/schema.org","@graph":[{"@type":"WebPage","@id":"https:\/\/www.ericseva.com\/evenement\/kafe-groppi-de-khalil-chahine-group\/","url":"https:\/\/www.ericseva.com\/evenement\/kafe-groppi-de-khalil-chahine-group\/","name":"\u00ab Kaf\u00e9 Groppi \u00bb de Khalil Chahine Group &#8211; \u00c9ric S\u00e9va","isPartOf":{"@id":"https:\/\/www.ericseva.com\/en\/#website"},"datePublished":"2022-03-07T15:21:59+00:00","dateModified":"2022-03-07T15:21:59+00:00","description":"Sortie d'album Khalil Chahine, guitares \u00c9ric S\u00e9va, saxophones t\u00e9nor, soprano Christophe Crav\u00e9ro, piano Andr\u00e9 Cecarelli, batterie Kevin Reveyrand,","breadcrumb":{"@id":"https:\/\/www.ericseva.com\/evenement\/kafe-groppi-de-khalil-chahine-group\/#breadcrumb"},"inLanguage":"en-US","potentialAction":[{"@type":"ReadAction","target":["https:\/\/www.ericseva.com\/evenement\/kafe-groppi-de-khalil-chahine-group\/"]}]},{"@type":"BreadcrumbList","@id":"https:\/\/www.ericseva.com\/evenement\/kafe-groppi-de-khalil-chahine-group\/#breadcrumb","itemListElement":[{"@type":"ListItem","position":1,"name":"Accueil","item":"https:\/\/www.ericseva.com\/en\/"},{"@type":"ListItem","position":2,"name":"\u00c9v\u00e8nements","item":"https:\/\/www.ericseva.com\/evenements\/"},{"@type":"ListItem","position":3,"name":"\u00ab Kaf\u00e9 Groppi \u00bb de Khalil Chahine Group"}]},{"@type":"WebSite","@id":"https:\/\/www.ericseva.com\/en\/#website","url":"https:\/\/www.ericseva.com\/en\/","name":"\u00c9ric S\u00e9va","description":"Saxophoniste et compositeur","potentialAction":[{"@type":"SearchAction","target":{"@type":"EntryPoint","urlTemplate":"https:\/\/www.ericseva.com\/en\/?s={search_term_string}"},"query-input":"required name=search_term_string"}],"inLanguage":"en-US"}]}},"_links":{"self":[{"href":"https:\/\/www.ericseva.com\/en\/wp-json\/wp\/v2\/tribe_events\/2985"}],"collection":[{"href":"https:\/\/www.ericseva.com\/en\/wp-json\/wp\/v2\/tribe_events"}],"about":[{"href":"https:\/\/www.ericseva.com\/en\/wp-json\/wp\/v2\/types\/tribe_events"}],"author":[{"embeddable":true,"href":"https:\/\/www.ericseva.com\/en\/wp-json\/wp\/v2\/users\/4"}],"version-history":[{"count":0,"href":"https:\/\/www.ericseva.com\/en\/wp-json\/wp\/v2\/tribe_events\/2985\/revisions"}],"wp:attachment":[{"href":"https:\/\/www.ericseva.com\/en\/wp-json\/wp\/v2\/media?parent=2985"}],"wp:term":[{"taxonomy":"post_tag","embeddable":true,"href":"https:\/\/www.ericseva.com\/en\/wp-json\/wp\/v2\/tags?post=2985"},{"taxonomy":"tribe_events_cat","embeddable":true,"href":"https:\/\/www.ericseva.com\/en\/wp-json\/wp\/v2\/tribe_events_cat?post=2985"}],"curies":[{"name":"wp","href":"https:\/\/api.w.org\/{rel}","templated":true}]}}

« Kafé Groppi » de Khalil Chahine Group

<p>Sortie d&#8217;album</p>
<ul>
<li><strong>Khalil Chahine</strong>, guitares</li>
<li><strong>Éric Séva</strong>, saxophones ténor, soprano</li>
<li><strong>Christophe Cravéro</strong>, piano</li>
<li><strong>André Cecarelli</strong>, batterie</li>
<li><strong>Kevin Reveyrand</strong>, Basse</li>
</ul>

<p>Sortie d&#8217;album Khalil Chahine, guitares Éric Séva, saxophones ténor, soprano Christophe Cravéro, piano André Cecarelli, batterie Kevin Reveyrand, Basse</p>

<!-- This site is optimized with the Yoast SEO plugin v22.6 - https://yoast.com/wordpress/plugins/seo/ -->
<title>« Kafé Groppi » de Khalil Chahine Group &#8211; Éric Séva</title>
<meta name="description" content="Sortie d&#039;album Khalil Chahine, guitares Éric Séva, saxophones ténor, soprano Christophe Cravéro, piano André Cecarelli, batterie Kevin Reveyrand," />
<meta name="robots" content="index, follow, max-snippet:-1, max-image-preview:large, max-video-preview:-1" />
<link rel="canonical" href="https://www.ericseva.com/evenement/kafe-groppi-de-khalil-chahine-group/" />
<meta property="og:locale" content="en_US" />
<meta property="og:type" content="article" />
<meta property="og:title" content="« Kafé Groppi » de Khalil Chahine Group &#8211; Éric Séva" />
<meta property="og:description" content="Sortie d&#039;album Khalil Chahine, guitares Éric Séva, saxophones ténor, soprano Christophe Cravéro, piano André Cecarelli, batterie Kevin Reveyrand," />
<meta property="og:url" content="https://www.ericseva.com/evenement/kafe-groppi-de-khalil-chahine-group/" />
<meta property="og:site_name" content="Éric Séva" />
<meta property="article:publisher" content="https://www.facebook.com/EricSevaSaxophonisteCompositeur/" />
<meta name="twitter:card" content="summary_large_image" />
<script type="application/ld+json" class="yoast-schema-graph">{"@context":"https://schema.org","@graph":[{"@type":"WebPage","@id":"https://www.ericseva.com/evenement/kafe-groppi-de-khalil-chahine-group/","url":"https://www.ericseva.com/evenement/kafe-groppi-de-khalil-chahine-group/","name":"« Kafé Groppi » de Khalil Chahine Group &#8211; Éric Séva","isPartOf":{"@id":"https://www.ericseva.com/en/#website"},"datePublished":"2022-03-07T15:21:59+00:00","dateModified":"2022-03-07T15:21:59+00:00","description":"Sortie d'album Khalil Chahine, guitares Éric Séva, saxophones ténor, soprano Christophe Cravéro, piano André Cecarelli, batterie Kevin Reveyrand,","breadcrumb":{"@id":"https://www.ericseva.com/evenement/kafe-groppi-de-khalil-chahine-group/#breadcrumb"},"inLanguage":"en-US","potentialAction":[{"@type":"ReadAction","target":["https://www.ericseva.com/evenement/kafe-groppi-de-khalil-chahine-group/"]}]},{"@type":"BreadcrumbList","@id":"https://www.ericseva.com/evenement/kafe-groppi-de-khalil-chahine-group/#breadcrumb","itemListElement":[{"@type":"ListItem","position":1,"name":"Accueil","item":"https://www.ericseva.com/en/"},{"@type":"ListItem","position":2,"name":"Évènements","item":"https://www.ericseva.com/evenements/"},{"@type":"ListItem","position":3,"name":"« Kafé Groppi » de Khalil Chahine Group"}]},{"@type":"WebSite","@id":"https://www.ericseva.com/en/#website","url":"https://www.ericseva.com/en/","name":"Éric Séva","description":"Saxophoniste et compositeur","potentialAction":[{"@type":"SearchAction","target":{"@type":"EntryPoint","urlTemplate":"https://www.ericseva.com/en/?s={search_term_string}"},"query-input":"required name=search_term_string"}],"inLanguage":"en-US"}]}</script>
<!-- / Yoast SEO plugin. -->

« Kafé Groppi » de Khalil Chahine Group &#8211; Éric Séva

Sortie d'album Khalil Chahine, guitares Éric Séva, saxophones ténor, soprano Christophe Cravéro, piano André Cecarelli, batterie Kevin Reveyrand,

Éric Séva

Évènements
