{"id":3738,"date":"2015-04-01T00:00:00","date_gmt":"2015-03-31T22:00:00","guid":{"rendered":"https:\/\/www.ericseva.com\/evenement\/tournee-avec-la-chanteuse-zaz\/"},"modified":"2015-04-01T00:00:00","modified_gmt":"2015-03-31T22:00:00","slug":"tournee-avec-la-chanteuse-zaz","status":"publish","type":"tribe_events","link":"https:\/\/www.ericseva.com\/en\/evenement\/tournee-avec-la-chanteuse-zaz\/","title":{"rendered":"Tourn\u00e9e avec la chanteuse ZAZ"},"content":{"rendered":"<p>Tourn\u00e9e en Am\u00e9rique Latine<br \/>\n(Mexique, Colombie, Uruguay, Argentine, Br\u00e9sil, Chili)<\/p>\n","protected":false},"excerpt":{"rendered":"<p>Tourn\u00e9e en Am\u00e9rique Latine (Mexique, Colombie, Uruguay, Argentine, Br\u00e9sil, Chili)<\/p>\n","protected":false},"author":4,"featured_media":0,"template":"","meta":{"_EventAllDay":true,"_EventTimezone":"Europe\/Paris","_EventStartDate":"2015-04-01 00:00:00","_EventEndDate":"2015-04-01 00:00:00","_EventStartDateUTC":"2015-03-31 22:00:00","_EventEndDateUTC":"2015-03-31 22:00:00","_EventShowMap":true,"_EventShowMapLink":true,"_EventURL":"","_EventCost":"","_EventCostDescription":"","_EventCurrencySymbol":"\u00a0\u20ac","_EventCurrencyCode":"EUR","_EventCurrencyPosition":"","_EventDateTimeSeparator":"\u00e0","_EventTimeRangeSeparator":"\u2013","_EventOrganizerID":[],"_EventVenueID":[],"_OrganizerEmail":"","_OrganizerPhone":"","_OrganizerWebsite":"","_VenueAddress":"","_VenueCity":"","_VenueCountry":"","_VenueProvince":"","_VenueState":"","_VenueZip":"","_VenuePhone":"","_VenueURL":"","_VenueStateProvince":"","_VenueLat":"","_VenueLng":"","_VenueShowMap":false,"_VenueShowMapLink":false,"_tribe_events_status":"","_tribe_events_status_reason":""},"tags":[],"tribe_events_cat":[],"yoast_head":"<!-- This site is optimized with the Yoast SEO plugin v22.6 - https:\/\/yoast.com\/wordpress\/plugins\/seo\/ -->\n<title>Tourn\u00e9e avec la chanteuse ZAZ &#8211; \u00c9ric S\u00e9va<\/title>\n<meta name=\"description\" content=\"Tourn\u00e9e en Am\u00e9rique Latine (Mexique, Colombie, Uruguay, Argentine, Br\u00e9sil, Chili)\" \/>\n<meta name=\"robots\" content=\"index, follow, max-snippet:-1, max-image-preview:large, max-video-preview:-1\" \/>\n<link rel=\"canonical\" href=\"https:\/\/www.ericseva.com\/evenement\/tournee-avec-la-chanteuse-zaz\/\" \/>\n<meta property=\"og:locale\" content=\"en_US\" \/>\n<meta property=\"og:type\" content=\"article\" \/>\n<meta property=\"og:title\" content=\"Tourn\u00e9e avec la chanteuse ZAZ &#8211; \u00c9ric S\u00e9va\" \/>\n<meta property=\"og:description\" content=\"Tourn\u00e9e en Am\u00e9rique Latine (Mexique, Colombie, Uruguay, Argentine, Br\u00e9sil, Chili)\" \/>\n<meta property=\"og:url\" content=\"https:\/\/www.ericseva.com\/evenement\/tournee-avec-la-chanteuse-zaz\/\" \/>\n<meta property=\"og:site_name\" content=\"\u00c9ric S\u00e9va\" \/>\n<meta property=\"article:publisher\" content=\"https:\/\/www.facebook.com\/EricSevaSaxophonisteCompositeur\/\" \/>\n<meta name=\"twitter:card\" content=\"summary_large_image\" \/>\n<script type=\"application\/ld+json\" class=\"yoast-schema-graph\">{\"@context\":\"https:\/\/schema.org\",\"@graph\":[{\"@type\":\"WebPage\",\"@id\":\"https:\/\/www.ericseva.com\/evenement\/tournee-avec-la-chanteuse-zaz\/\",\"url\":\"https:\/\/www.ericseva.com\/evenement\/tournee-avec-la-chanteuse-zaz\/\",\"name\":\"Tourn\u00e9e avec la chanteuse ZAZ &#8211; \u00c9ric S\u00e9va\",\"isPartOf\":{\"@id\":\"https:\/\/www.ericseva.com\/en\/#website\"},\"datePublished\":\"2015-03-31T22:00:00+00:00\",\"dateModified\":\"2015-03-31T22:00:00+00:00\",\"description\":\"Tourn\u00e9e en Am\u00e9rique Latine (Mexique, Colombie, Uruguay, Argentine, Br\u00e9sil, Chili)\",\"breadcrumb\":{\"@id\":\"https:\/\/www.ericseva.com\/evenement\/tournee-avec-la-chanteuse-zaz\/#breadcrumb\"},\"inLanguage\":\"en-US\",\"potentialAction\":[{\"@type\":\"ReadAction\",\"target\":[\"https:\/\/www.ericseva.com\/evenement\/tournee-avec-la-chanteuse-zaz\/\"]}]},{\"@type\":\"BreadcrumbList\",\"@id\":\"https:\/\/www.ericseva.com\/evenement\/tournee-avec-la-chanteuse-zaz\/#breadcrumb\",\"itemListElement\":[{\"@type\":\"ListItem\",\"position\":1,\"name\":\"Accueil\",\"item\":\"https:\/\/www.ericseva.com\/en\/\"},{\"@type\":\"ListItem\",\"position\":2,\"name\":\"\u00c9v\u00e8nements\",\"item\":\"https:\/\/www.ericseva.com\/evenements\/\"},{\"@type\":\"ListItem\",\"position\":3,\"name\":\"Tourn\u00e9e avec la chanteuse ZAZ\"}]},{\"@type\":\"WebSite\",\"@id\":\"https:\/\/www.ericseva.com\/en\/#website\",\"url\":\"https:\/\/www.ericseva.com\/en\/\",\"name\":\"\u00c9ric S\u00e9va\",\"description\":\"Saxophoniste et compositeur\",\"potentialAction\":[{\"@type\":\"SearchAction\",\"target\":{\"@type\":\"EntryPoint\",\"urlTemplate\":\"https:\/\/www.ericseva.com\/en\/?s={search_term_string}\"},\"query-input\":\"required name=search_term_string\"}],\"inLanguage\":\"en-US\"}]}<\/script>\n<!-- \/ Yoast SEO plugin. -->","yoast_head_json":{"title":"Tourn\u00e9e avec la chanteuse ZAZ &#8211; \u00c9ric S\u00e9va","description":"Tourn\u00e9e en Am\u00e9rique Latine (Mexique, Colombie, Uruguay, Argentine, Br\u00e9sil, Chili)","robots":{"index":"index","follow":"follow","max-snippet":"max-snippet:-1","max-image-preview":"max-image-preview:large","max-video-preview":"max-video-preview:-1"},"canonical":"https:\/\/www.ericseva.com\/evenement\/tournee-avec-la-chanteuse-zaz\/","og_locale":"en_US","og_type":"article","og_title":"Tourn\u00e9e avec la chanteuse ZAZ &#8211; \u00c9ric S\u00e9va","og_description":"Tourn\u00e9e en Am\u00e9rique Latine (Mexique, Colombie, Uruguay, Argentine, Br\u00e9sil, Chili)","og_url":"https:\/\/www.ericseva.com\/evenement\/tournee-avec-la-chanteuse-zaz\/","og_site_name":"\u00c9ric S\u00e9va","article_publisher":"https:\/\/www.facebook.com\/EricSevaSaxophonisteCompositeur\/","twitter_card":"summary_large_image","schema":{"@context":"https:\/\/schema.org","@graph":[{"@type":"WebPage","@id":"https:\/\/www.ericseva.com\/evenement\/tournee-avec-la-chanteuse-zaz\/","url":"https:\/\/www.ericseva.com\/evenement\/tournee-avec-la-chanteuse-zaz\/","name":"Tourn\u00e9e avec la chanteuse ZAZ &#8211; \u00c9ric S\u00e9va","isPartOf":{"@id":"https:\/\/www.ericseva.com\/en\/#website"},"datePublished":"2015-03-31T22:00:00+00:00","dateModified":"2015-03-31T22:00:00+00:00","description":"Tourn\u00e9e en Am\u00e9rique Latine (Mexique, Colombie, Uruguay, Argentine, Br\u00e9sil, Chili)","breadcrumb":{"@id":"https:\/\/www.ericseva.com\/evenement\/tournee-avec-la-chanteuse-zaz\/#breadcrumb"},"inLanguage":"en-US","potentialAction":[{"@type":"ReadAction","target":["https:\/\/www.ericseva.com\/evenement\/tournee-avec-la-chanteuse-zaz\/"]}]},{"@type":"BreadcrumbList","@id":"https:\/\/www.ericseva.com\/evenement\/tournee-avec-la-chanteuse-zaz\/#breadcrumb","itemListElement":[{"@type":"ListItem","position":1,"name":"Accueil","item":"https:\/\/www.ericseva.com\/en\/"},{"@type":"ListItem","position":2,"name":"\u00c9v\u00e8nements","item":"https:\/\/www.ericseva.com\/evenements\/"},{"@type":"ListItem","position":3,"name":"Tourn\u00e9e avec la chanteuse ZAZ"}]},{"@type":"WebSite","@id":"https:\/\/www.ericseva.com\/en\/#website","url":"https:\/\/www.ericseva.com\/en\/","name":"\u00c9ric S\u00e9va","description":"Saxophoniste et compositeur","potentialAction":[{"@type":"SearchAction","target":{"@type":"EntryPoint","urlTemplate":"https:\/\/www.ericseva.com\/en\/?s={search_term_string}"},"query-input":"required name=search_term_string"}],"inLanguage":"en-US"}]}},"_links":{"self":[{"href":"https:\/\/www.ericseva.com\/en\/wp-json\/wp\/v2\/tribe_events\/3738"}],"collection":[{"href":"https:\/\/www.ericseva.com\/en\/wp-json\/wp\/v2\/tribe_events"}],"about":[{"href":"https:\/\/www.ericseva.com\/en\/wp-json\/wp\/v2\/types\/tribe_events"}],"author":[{"embeddable":true,"href":"https:\/\/www.ericseva.com\/en\/wp-json\/wp\/v2\/users\/4"}],"version-history":[{"count":0,"href":"https:\/\/www.ericseva.com\/en\/wp-json\/wp\/v2\/tribe_events\/3738\/revisions"}],"wp:attachment":[{"href":"https:\/\/www.ericseva.com\/en\/wp-json\/wp\/v2\/media?parent=3738"}],"wp:term":[{"taxonomy":"post_tag","embeddable":true,"href":"https:\/\/www.ericseva.com\/en\/wp-json\/wp\/v2\/tags?post=3738"},{"taxonomy":"tribe_events_cat","embeddable":true,"href":"https:\/\/www.ericseva.com\/en\/wp-json\/wp\/v2\/tribe_events_cat?post=3738"}],"curies":[{"name":"wp","href":"https:\/\/api.w.org\/{rel}","templated":true}]}}

Tournée avec la chanteuse ZAZ

<p>Tournée en Amérique Latine<br />
(Mexique, Colombie, Uruguay, Argentine, Brésil, Chili)</p>

<p>Tournée en Amérique Latine (Mexique, Colombie, Uruguay, Argentine, Brésil, Chili)</p>

à

<!-- This site is optimized with the Yoast SEO plugin v22.6 - https://yoast.com/wordpress/plugins/seo/ -->
<title>Tournée avec la chanteuse ZAZ &#8211; Éric Séva</title>
<meta name="description" content="Tournée en Amérique Latine (Mexique, Colombie, Uruguay, Argentine, Brésil, Chili)" />
<meta name="robots" content="index, follow, max-snippet:-1, max-image-preview:large, max-video-preview:-1" />
<link rel="canonical" href="https://www.ericseva.com/evenement/tournee-avec-la-chanteuse-zaz/" />
<meta property="og:locale" content="en_US" />
<meta property="og:type" content="article" />
<meta property="og:title" content="Tournée avec la chanteuse ZAZ &#8211; Éric Séva" />
<meta property="og:description" content="Tournée en Amérique Latine (Mexique, Colombie, Uruguay, Argentine, Brésil, Chili)" />
<meta property="og:url" content="https://www.ericseva.com/evenement/tournee-avec-la-chanteuse-zaz/" />
<meta property="og:site_name" content="Éric Séva" />
<meta property="article:publisher" content="https://www.facebook.com/EricSevaSaxophonisteCompositeur/" />
<meta name="twitter:card" content="summary_large_image" />
<script type="application/ld+json" class="yoast-schema-graph">{"@context":"https://schema.org","@graph":[{"@type":"WebPage","@id":"https://www.ericseva.com/evenement/tournee-avec-la-chanteuse-zaz/","url":"https://www.ericseva.com/evenement/tournee-avec-la-chanteuse-zaz/","name":"Tournée avec la chanteuse ZAZ &#8211; Éric Séva","isPartOf":{"@id":"https://www.ericseva.com/en/#website"},"datePublished":"2015-03-31T22:00:00+00:00","dateModified":"2015-03-31T22:00:00+00:00","description":"Tournée en Amérique Latine (Mexique, Colombie, Uruguay, Argentine, Brésil, Chili)","breadcrumb":{"@id":"https://www.ericseva.com/evenement/tournee-avec-la-chanteuse-zaz/#breadcrumb"},"inLanguage":"en-US","potentialAction":[{"@type":"ReadAction","target":["https://www.ericseva.com/evenement/tournee-avec-la-chanteuse-zaz/"]}]},{"@type":"BreadcrumbList","@id":"https://www.ericseva.com/evenement/tournee-avec-la-chanteuse-zaz/#breadcrumb","itemListElement":[{"@type":"ListItem","position":1,"name":"Accueil","item":"https://www.ericseva.com/en/"},{"@type":"ListItem","position":2,"name":"Évènements","item":"https://www.ericseva.com/evenements/"},{"@type":"ListItem","position":3,"name":"Tournée avec la chanteuse ZAZ"}]},{"@type":"WebSite","@id":"https://www.ericseva.com/en/#website","url":"https://www.ericseva.com/en/","name":"Éric Séva","description":"Saxophoniste et compositeur","potentialAction":[{"@type":"SearchAction","target":{"@type":"EntryPoint","urlTemplate":"https://www.ericseva.com/en/?s={search_term_string}"},"query-input":"required name=search_term_string"}],"inLanguage":"en-US"}]}</script>
<!-- / Yoast SEO plugin. -->

Tournée avec la chanteuse ZAZ &#8211; Éric Séva

Tournée en Amérique Latine (Mexique, Colombie, Uruguay, Argentine, Brésil, Chili)

Éric Séva

Évènements
