{"id":3741,"date":"2015-05-15T00:00:00","date_gmt":"2015-05-14T22:00:00","guid":{"rendered":"https:\/\/www.ericseva.com\/evenement\/trio-60-de-matiere-grave\/"},"modified":"2015-05-15T00:00:00","modified_gmt":"2015-05-14T22:00:00","slug":"trio-60-de-matiere-grave","status":"publish","type":"tribe_events","link":"https:\/\/www.ericseva.com\/en\/evenement\/trio-60-de-matiere-grave\/","title":{"rendered":"Trio 60% de mati\u00e8re grave"},"content":{"rendered":"<p>www.jazzsouslespommiers.com<br \/>\nEric S\u00c9VA\u00a0: saxophones\u00a0: basse, baryton<br \/>\nJean-Philippe VIRET- contrebasse<br \/>\nFran\u00e7ois THUILLER\u00a0: tuba<\/p>\n","protected":false},"excerpt":{"rendered":"<p>www.jazzsouslespommiers.com Eric S\u00c9VA\u00a0: saxophones\u00a0: basse, baryton Jean-Philippe VIRET- contrebasse Fran\u00e7ois THUILLER\u00a0: tuba<\/p>\n","protected":false},"author":4,"featured_media":0,"template":"","meta":{"_EventAllDay":true,"_EventTimezone":"Europe\/Paris","_EventStartDate":"2015-05-15 00:00:00","_EventEndDate":"2015-05-15 00:00:00","_EventStartDateUTC":"2015-05-14 22:00:00","_EventEndDateUTC":"2015-05-14 22:00:00","_EventShowMap":true,"_EventShowMapLink":true,"_EventURL":"","_EventCost":"","_EventCostDescription":"","_EventCurrencySymbol":"\u00a0\u20ac","_EventCurrencyCode":"EUR","_EventCurrencyPosition":"","_EventDateTimeSeparator":"\u00e0","_EventTimeRangeSeparator":"\u2013","_EventOrganizerID":[],"_EventVenueID":[],"_OrganizerEmail":"","_OrganizerPhone":"","_OrganizerWebsite":"","_VenueAddress":"","_VenueCity":"Coutances","_VenueCountry":"France","_VenueProvince":"","_VenueState":"","_VenueZip":"","_VenuePhone":"","_VenueURL":"","_VenueStateProvince":"","_VenueLat":"","_VenueLng":"","_VenueShowMap":false,"_VenueShowMapLink":false,"_tribe_events_status":"","_tribe_events_status_reason":""},"tags":[],"tribe_events_cat":[],"yoast_head":"<!-- This site is optimized with the Yoast SEO plugin v22.6 - https:\/\/yoast.com\/wordpress\/plugins\/seo\/ -->\n<title>Trio 60% de mati\u00e8re grave &#8211; \u00c9ric S\u00e9va<\/title>\n<meta name=\"description\" content=\"www.jazzsouslespommiers.com Eric S\u00c9VA\u00a0: saxophones\u00a0: basse, baryton Jean-Philippe VIRET- contrebasse Fran\u00e7ois THUILLER\u00a0: tuba\" \/>\n<meta name=\"robots\" content=\"index, follow, max-snippet:-1, max-image-preview:large, max-video-preview:-1\" \/>\n<link rel=\"canonical\" href=\"https:\/\/www.ericseva.com\/evenement\/trio-60-de-matiere-grave\/\" \/>\n<meta property=\"og:locale\" content=\"en_US\" \/>\n<meta property=\"og:type\" content=\"article\" \/>\n<meta property=\"og:title\" content=\"Trio 60% de mati\u00e8re grave &#8211; \u00c9ric S\u00e9va\" \/>\n<meta property=\"og:description\" content=\"www.jazzsouslespommiers.com Eric S\u00c9VA\u00a0: saxophones\u00a0: basse, baryton Jean-Philippe VIRET- contrebasse Fran\u00e7ois THUILLER\u00a0: tuba\" \/>\n<meta property=\"og:url\" content=\"https:\/\/www.ericseva.com\/evenement\/trio-60-de-matiere-grave\/\" \/>\n<meta property=\"og:site_name\" content=\"\u00c9ric S\u00e9va\" \/>\n<meta property=\"article:publisher\" content=\"https:\/\/www.facebook.com\/EricSevaSaxophonisteCompositeur\/\" \/>\n<meta name=\"twitter:card\" content=\"summary_large_image\" \/>\n<script type=\"application\/ld+json\" class=\"yoast-schema-graph\">{\"@context\":\"https:\/\/schema.org\",\"@graph\":[{\"@type\":\"WebPage\",\"@id\":\"https:\/\/www.ericseva.com\/evenement\/trio-60-de-matiere-grave\/\",\"url\":\"https:\/\/www.ericseva.com\/evenement\/trio-60-de-matiere-grave\/\",\"name\":\"Trio 60% de mati\u00e8re grave &#8211; \u00c9ric S\u00e9va\",\"isPartOf\":{\"@id\":\"https:\/\/www.ericseva.com\/en\/#website\"},\"datePublished\":\"2015-05-14T22:00:00+00:00\",\"dateModified\":\"2015-05-14T22:00:00+00:00\",\"description\":\"www.jazzsouslespommiers.com Eric S\u00c9VA\u00a0: saxophones\u00a0: basse, baryton Jean-Philippe VIRET- contrebasse Fran\u00e7ois THUILLER\u00a0: tuba\",\"breadcrumb\":{\"@id\":\"https:\/\/www.ericseva.com\/evenement\/trio-60-de-matiere-grave\/#breadcrumb\"},\"inLanguage\":\"en-US\",\"potentialAction\":[{\"@type\":\"ReadAction\",\"target\":[\"https:\/\/www.ericseva.com\/evenement\/trio-60-de-matiere-grave\/\"]}]},{\"@type\":\"BreadcrumbList\",\"@id\":\"https:\/\/www.ericseva.com\/evenement\/trio-60-de-matiere-grave\/#breadcrumb\",\"itemListElement\":[{\"@type\":\"ListItem\",\"position\":1,\"name\":\"Accueil\",\"item\":\"https:\/\/www.ericseva.com\/en\/\"},{\"@type\":\"ListItem\",\"position\":2,\"name\":\"\u00c9v\u00e8nements\",\"item\":\"https:\/\/www.ericseva.com\/evenements\/\"},{\"@type\":\"ListItem\",\"position\":3,\"name\":\"Trio 60% de mati\u00e8re grave\"}]},{\"@type\":\"WebSite\",\"@id\":\"https:\/\/www.ericseva.com\/en\/#website\",\"url\":\"https:\/\/www.ericseva.com\/en\/\",\"name\":\"\u00c9ric S\u00e9va\",\"description\":\"Saxophoniste et compositeur\",\"potentialAction\":[{\"@type\":\"SearchAction\",\"target\":{\"@type\":\"EntryPoint\",\"urlTemplate\":\"https:\/\/www.ericseva.com\/en\/?s={search_term_string}\"},\"query-input\":\"required name=search_term_string\"}],\"inLanguage\":\"en-US\"}]}<\/script>\n<!-- \/ Yoast SEO plugin. -->","yoast_head_json":{"title":"Trio 60% de mati\u00e8re grave &#8211; \u00c9ric S\u00e9va","description":"www.jazzsouslespommiers.com Eric S\u00c9VA\u00a0: saxophones\u00a0: basse, baryton Jean-Philippe VIRET- contrebasse Fran\u00e7ois THUILLER\u00a0: tuba","robots":{"index":"index","follow":"follow","max-snippet":"max-snippet:-1","max-image-preview":"max-image-preview:large","max-video-preview":"max-video-preview:-1"},"canonical":"https:\/\/www.ericseva.com\/evenement\/trio-60-de-matiere-grave\/","og_locale":"en_US","og_type":"article","og_title":"Trio 60% de mati\u00e8re grave &#8211; \u00c9ric S\u00e9va","og_description":"www.jazzsouslespommiers.com Eric S\u00c9VA\u00a0: saxophones\u00a0: basse, baryton Jean-Philippe VIRET- contrebasse Fran\u00e7ois THUILLER\u00a0: tuba","og_url":"https:\/\/www.ericseva.com\/evenement\/trio-60-de-matiere-grave\/","og_site_name":"\u00c9ric S\u00e9va","article_publisher":"https:\/\/www.facebook.com\/EricSevaSaxophonisteCompositeur\/","twitter_card":"summary_large_image","schema":{"@context":"https:\/\/schema.org","@graph":[{"@type":"WebPage","@id":"https:\/\/www.ericseva.com\/evenement\/trio-60-de-matiere-grave\/","url":"https:\/\/www.ericseva.com\/evenement\/trio-60-de-matiere-grave\/","name":"Trio 60% de mati\u00e8re grave &#8211; \u00c9ric S\u00e9va","isPartOf":{"@id":"https:\/\/www.ericseva.com\/en\/#website"},"datePublished":"2015-05-14T22:00:00+00:00","dateModified":"2015-05-14T22:00:00+00:00","description":"www.jazzsouslespommiers.com Eric S\u00c9VA\u00a0: saxophones\u00a0: basse, baryton Jean-Philippe VIRET- contrebasse Fran\u00e7ois THUILLER\u00a0: tuba","breadcrumb":{"@id":"https:\/\/www.ericseva.com\/evenement\/trio-60-de-matiere-grave\/#breadcrumb"},"inLanguage":"en-US","potentialAction":[{"@type":"ReadAction","target":["https:\/\/www.ericseva.com\/evenement\/trio-60-de-matiere-grave\/"]}]},{"@type":"BreadcrumbList","@id":"https:\/\/www.ericseva.com\/evenement\/trio-60-de-matiere-grave\/#breadcrumb","itemListElement":[{"@type":"ListItem","position":1,"name":"Accueil","item":"https:\/\/www.ericseva.com\/en\/"},{"@type":"ListItem","position":2,"name":"\u00c9v\u00e8nements","item":"https:\/\/www.ericseva.com\/evenements\/"},{"@type":"ListItem","position":3,"name":"Trio 60% de mati\u00e8re grave"}]},{"@type":"WebSite","@id":"https:\/\/www.ericseva.com\/en\/#website","url":"https:\/\/www.ericseva.com\/en\/","name":"\u00c9ric S\u00e9va","description":"Saxophoniste et compositeur","potentialAction":[{"@type":"SearchAction","target":{"@type":"EntryPoint","urlTemplate":"https:\/\/www.ericseva.com\/en\/?s={search_term_string}"},"query-input":"required name=search_term_string"}],"inLanguage":"en-US"}]}},"_links":{"self":[{"href":"https:\/\/www.ericseva.com\/en\/wp-json\/wp\/v2\/tribe_events\/3741"}],"collection":[{"href":"https:\/\/www.ericseva.com\/en\/wp-json\/wp\/v2\/tribe_events"}],"about":[{"href":"https:\/\/www.ericseva.com\/en\/wp-json\/wp\/v2\/types\/tribe_events"}],"author":[{"embeddable":true,"href":"https:\/\/www.ericseva.com\/en\/wp-json\/wp\/v2\/users\/4"}],"version-history":[{"count":0,"href":"https:\/\/www.ericseva.com\/en\/wp-json\/wp\/v2\/tribe_events\/3741\/revisions"}],"wp:attachment":[{"href":"https:\/\/www.ericseva.com\/en\/wp-json\/wp\/v2\/media?parent=3741"}],"wp:term":[{"taxonomy":"post_tag","embeddable":true,"href":"https:\/\/www.ericseva.com\/en\/wp-json\/wp\/v2\/tags?post=3741"},{"taxonomy":"tribe_events_cat","embeddable":true,"href":"https:\/\/www.ericseva.com\/en\/wp-json\/wp\/v2\/tribe_events_cat?post=3741"}],"curies":[{"name":"wp","href":"https:\/\/api.w.org\/{rel}","templated":true}]}}

Trio 60% de matière grave

<p>www.jazzsouslespommiers.com<br />
Eric SÉVA : saxophones : basse, baryton<br />
Jean-Philippe VIRET- contrebasse<br />
François THUILLER : tuba</p>

<p>www.jazzsouslespommiers.com Eric SÉVA : saxophones : basse, baryton Jean-Philippe VIRET- contrebasse François THUILLER : tuba</p>

à

<!-- This site is optimized with the Yoast SEO plugin v22.6 - https://yoast.com/wordpress/plugins/seo/ -->
<title>Trio 60% de matière grave &#8211; Éric Séva</title>
<meta name="description" content="www.jazzsouslespommiers.com Eric SÉVA : saxophones : basse, baryton Jean-Philippe VIRET- contrebasse François THUILLER : tuba" />
<meta name="robots" content="index, follow, max-snippet:-1, max-image-preview:large, max-video-preview:-1" />
<link rel="canonical" href="https://www.ericseva.com/evenement/trio-60-de-matiere-grave/" />
<meta property="og:locale" content="en_US" />
<meta property="og:type" content="article" />
<meta property="og:title" content="Trio 60% de matière grave &#8211; Éric Séva" />
<meta property="og:description" content="www.jazzsouslespommiers.com Eric SÉVA : saxophones : basse, baryton Jean-Philippe VIRET- contrebasse François THUILLER : tuba" />
<meta property="og:url" content="https://www.ericseva.com/evenement/trio-60-de-matiere-grave/" />
<meta property="og:site_name" content="Éric Séva" />
<meta property="article:publisher" content="https://www.facebook.com/EricSevaSaxophonisteCompositeur/" />
<meta name="twitter:card" content="summary_large_image" />
<script type="application/ld+json" class="yoast-schema-graph">{"@context":"https://schema.org","@graph":[{"@type":"WebPage","@id":"https://www.ericseva.com/evenement/trio-60-de-matiere-grave/","url":"https://www.ericseva.com/evenement/trio-60-de-matiere-grave/","name":"Trio 60% de matière grave &#8211; Éric Séva","isPartOf":{"@id":"https://www.ericseva.com/en/#website"},"datePublished":"2015-05-14T22:00:00+00:00","dateModified":"2015-05-14T22:00:00+00:00","description":"www.jazzsouslespommiers.com Eric SÉVA : saxophones : basse, baryton Jean-Philippe VIRET- contrebasse François THUILLER : tuba","breadcrumb":{"@id":"https://www.ericseva.com/evenement/trio-60-de-matiere-grave/#breadcrumb"},"inLanguage":"en-US","potentialAction":[{"@type":"ReadAction","target":["https://www.ericseva.com/evenement/trio-60-de-matiere-grave/"]}]},{"@type":"BreadcrumbList","@id":"https://www.ericseva.com/evenement/trio-60-de-matiere-grave/#breadcrumb","itemListElement":[{"@type":"ListItem","position":1,"name":"Accueil","item":"https://www.ericseva.com/en/"},{"@type":"ListItem","position":2,"name":"Évènements","item":"https://www.ericseva.com/evenements/"},{"@type":"ListItem","position":3,"name":"Trio 60% de matière grave"}]},{"@type":"WebSite","@id":"https://www.ericseva.com/en/#website","url":"https://www.ericseva.com/en/","name":"Éric Séva","description":"Saxophoniste et compositeur","potentialAction":[{"@type":"SearchAction","target":{"@type":"EntryPoint","urlTemplate":"https://www.ericseva.com/en/?s={search_term_string}"},"query-input":"required name=search_term_string"}],"inLanguage":"en-US"}]}</script>
<!-- / Yoast SEO plugin. -->

Trio 60% de matière grave &#8211; Éric Séva

www.jazzsouslespommiers.com Eric SÉVA : saxophones : basse, baryton Jean-Philippe VIRET- contrebasse François THUILLER : tuba

Éric Séva

Évènements
