{"id":3859,"date":"2020-11-27T00:00:00","date_gmt":"2020-11-26T23:00:00","guid":{"rendered":"https:\/\/www.ericseva.com\/evenement\/festival-eclats-demails-jazz-festival\/"},"modified":"2020-11-27T00:00:00","modified_gmt":"2020-11-26T23:00:00","slug":"festival-eclats-demails-jazz-festival","status":"publish","type":"tribe_events","link":"https:\/\/www.ericseva.com\/en\/evenement\/festival-eclats-demails-jazz-festival\/","title":{"rendered":"Festival Eclats d&#8217;Emails Jazz Festival"},"content":{"rendered":"<p><b>SOLO<\/b><\/p>\n<p>Eric S\u00c9VA \u2013 saxophones<\/p>\n<p><a href=\"http:\/\/www.eclatsdemail.com\/\">www.eclatsdemail.com<\/a><\/p>\n","protected":false},"excerpt":{"rendered":"<p>SOLO Eric S\u00c9VA \u2013 saxophones www.eclatsdemail.com<\/p>\n","protected":false},"author":4,"featured_media":0,"template":"","meta":{"_EventAllDay":true,"_EventTimezone":"Europe\/Paris","_EventStartDate":"2020-11-27 00:00:00","_EventEndDate":"2020-11-27 00:00:00","_EventStartDateUTC":"2020-11-26 23:00:00","_EventEndDateUTC":"2020-11-26 23:00:00","_EventShowMap":true,"_EventShowMapLink":true,"_EventURL":"","_EventCost":"","_EventCostDescription":"","_EventCurrencySymbol":"\u00a0\u20ac","_EventCurrencyCode":"EUR","_EventCurrencyPosition":"","_EventDateTimeSeparator":"\u00e0","_EventTimeRangeSeparator":"\u2013","_EventOrganizerID":[],"_EventVenueID":[],"_OrganizerEmail":"","_OrganizerPhone":"","_OrganizerWebsite":"","_VenueAddress":"","_VenueCity":"Limoges (87)","_VenueCountry":"France","_VenueProvince":"","_VenueState":"","_VenueZip":"","_VenuePhone":"","_VenueURL":"","_VenueStateProvince":"","_VenueLat":"","_VenueLng":"","_VenueShowMap":false,"_VenueShowMapLink":false,"_tribe_events_status":"","_tribe_events_status_reason":""},"tags":[],"tribe_events_cat":[],"yoast_head":"<!-- This site is optimized with the Yoast SEO plugin v22.6 - https:\/\/yoast.com\/wordpress\/plugins\/seo\/ -->\n<title>Festival Eclats d&#039;Emails Jazz Festival &#8211; \u00c9ric S\u00e9va<\/title>\n<meta name=\"description\" content=\"SOLO Eric S\u00c9VA \u2013 saxophones www.eclatsdemail.com\" \/>\n<meta name=\"robots\" content=\"index, follow, max-snippet:-1, max-image-preview:large, max-video-preview:-1\" \/>\n<link rel=\"canonical\" href=\"https:\/\/www.ericseva.com\/evenement\/festival-eclats-demails-jazz-festival\/\" \/>\n<meta property=\"og:locale\" content=\"en_US\" \/>\n<meta property=\"og:type\" content=\"article\" \/>\n<meta property=\"og:title\" content=\"Festival Eclats d&#039;Emails Jazz Festival &#8211; \u00c9ric S\u00e9va\" \/>\n<meta property=\"og:description\" content=\"SOLO Eric S\u00c9VA \u2013 saxophones www.eclatsdemail.com\" \/>\n<meta property=\"og:url\" content=\"https:\/\/www.ericseva.com\/evenement\/festival-eclats-demails-jazz-festival\/\" \/>\n<meta property=\"og:site_name\" content=\"\u00c9ric S\u00e9va\" \/>\n<meta property=\"article:publisher\" content=\"https:\/\/www.facebook.com\/EricSevaSaxophonisteCompositeur\/\" \/>\n<meta name=\"twitter:card\" content=\"summary_large_image\" \/>\n<script type=\"application\/ld+json\" class=\"yoast-schema-graph\">{\"@context\":\"https:\/\/schema.org\",\"@graph\":[{\"@type\":\"WebPage\",\"@id\":\"https:\/\/www.ericseva.com\/evenement\/festival-eclats-demails-jazz-festival\/\",\"url\":\"https:\/\/www.ericseva.com\/evenement\/festival-eclats-demails-jazz-festival\/\",\"name\":\"Festival Eclats d'Emails Jazz Festival &#8211; \u00c9ric S\u00e9va\",\"isPartOf\":{\"@id\":\"https:\/\/www.ericseva.com\/en\/#website\"},\"datePublished\":\"2020-11-26T23:00:00+00:00\",\"dateModified\":\"2020-11-26T23:00:00+00:00\",\"description\":\"SOLO Eric S\u00c9VA \u2013 saxophones www.eclatsdemail.com\",\"breadcrumb\":{\"@id\":\"https:\/\/www.ericseva.com\/evenement\/festival-eclats-demails-jazz-festival\/#breadcrumb\"},\"inLanguage\":\"en-US\",\"potentialAction\":[{\"@type\":\"ReadAction\",\"target\":[\"https:\/\/www.ericseva.com\/evenement\/festival-eclats-demails-jazz-festival\/\"]}]},{\"@type\":\"BreadcrumbList\",\"@id\":\"https:\/\/www.ericseva.com\/evenement\/festival-eclats-demails-jazz-festival\/#breadcrumb\",\"itemListElement\":[{\"@type\":\"ListItem\",\"position\":1,\"name\":\"Accueil\",\"item\":\"https:\/\/www.ericseva.com\/en\/\"},{\"@type\":\"ListItem\",\"position\":2,\"name\":\"\u00c9v\u00e8nements\",\"item\":\"https:\/\/www.ericseva.com\/evenements\/\"},{\"@type\":\"ListItem\",\"position\":3,\"name\":\"Festival Eclats d&rsquo;Emails Jazz Festival\"}]},{\"@type\":\"WebSite\",\"@id\":\"https:\/\/www.ericseva.com\/en\/#website\",\"url\":\"https:\/\/www.ericseva.com\/en\/\",\"name\":\"\u00c9ric S\u00e9va\",\"description\":\"Saxophoniste et compositeur\",\"potentialAction\":[{\"@type\":\"SearchAction\",\"target\":{\"@type\":\"EntryPoint\",\"urlTemplate\":\"https:\/\/www.ericseva.com\/en\/?s={search_term_string}\"},\"query-input\":\"required name=search_term_string\"}],\"inLanguage\":\"en-US\"}]}<\/script>\n<!-- \/ Yoast SEO plugin. -->","yoast_head_json":{"title":"Festival Eclats d'Emails Jazz Festival &#8211; \u00c9ric S\u00e9va","description":"SOLO Eric S\u00c9VA \u2013 saxophones www.eclatsdemail.com","robots":{"index":"index","follow":"follow","max-snippet":"max-snippet:-1","max-image-preview":"max-image-preview:large","max-video-preview":"max-video-preview:-1"},"canonical":"https:\/\/www.ericseva.com\/evenement\/festival-eclats-demails-jazz-festival\/","og_locale":"en_US","og_type":"article","og_title":"Festival Eclats d'Emails Jazz Festival &#8211; \u00c9ric S\u00e9va","og_description":"SOLO Eric S\u00c9VA \u2013 saxophones www.eclatsdemail.com","og_url":"https:\/\/www.ericseva.com\/evenement\/festival-eclats-demails-jazz-festival\/","og_site_name":"\u00c9ric S\u00e9va","article_publisher":"https:\/\/www.facebook.com\/EricSevaSaxophonisteCompositeur\/","twitter_card":"summary_large_image","schema":{"@context":"https:\/\/schema.org","@graph":[{"@type":"WebPage","@id":"https:\/\/www.ericseva.com\/evenement\/festival-eclats-demails-jazz-festival\/","url":"https:\/\/www.ericseva.com\/evenement\/festival-eclats-demails-jazz-festival\/","name":"Festival Eclats d'Emails Jazz Festival &#8211; \u00c9ric S\u00e9va","isPartOf":{"@id":"https:\/\/www.ericseva.com\/en\/#website"},"datePublished":"2020-11-26T23:00:00+00:00","dateModified":"2020-11-26T23:00:00+00:00","description":"SOLO Eric S\u00c9VA \u2013 saxophones www.eclatsdemail.com","breadcrumb":{"@id":"https:\/\/www.ericseva.com\/evenement\/festival-eclats-demails-jazz-festival\/#breadcrumb"},"inLanguage":"en-US","potentialAction":[{"@type":"ReadAction","target":["https:\/\/www.ericseva.com\/evenement\/festival-eclats-demails-jazz-festival\/"]}]},{"@type":"BreadcrumbList","@id":"https:\/\/www.ericseva.com\/evenement\/festival-eclats-demails-jazz-festival\/#breadcrumb","itemListElement":[{"@type":"ListItem","position":1,"name":"Accueil","item":"https:\/\/www.ericseva.com\/en\/"},{"@type":"ListItem","position":2,"name":"\u00c9v\u00e8nements","item":"https:\/\/www.ericseva.com\/evenements\/"},{"@type":"ListItem","position":3,"name":"Festival Eclats d&rsquo;Emails Jazz Festival"}]},{"@type":"WebSite","@id":"https:\/\/www.ericseva.com\/en\/#website","url":"https:\/\/www.ericseva.com\/en\/","name":"\u00c9ric S\u00e9va","description":"Saxophoniste et compositeur","potentialAction":[{"@type":"SearchAction","target":{"@type":"EntryPoint","urlTemplate":"https:\/\/www.ericseva.com\/en\/?s={search_term_string}"},"query-input":"required name=search_term_string"}],"inLanguage":"en-US"}]}},"_links":{"self":[{"href":"https:\/\/www.ericseva.com\/en\/wp-json\/wp\/v2\/tribe_events\/3859"}],"collection":[{"href":"https:\/\/www.ericseva.com\/en\/wp-json\/wp\/v2\/tribe_events"}],"about":[{"href":"https:\/\/www.ericseva.com\/en\/wp-json\/wp\/v2\/types\/tribe_events"}],"author":[{"embeddable":true,"href":"https:\/\/www.ericseva.com\/en\/wp-json\/wp\/v2\/users\/4"}],"version-history":[{"count":0,"href":"https:\/\/www.ericseva.com\/en\/wp-json\/wp\/v2\/tribe_events\/3859\/revisions"}],"wp:attachment":[{"href":"https:\/\/www.ericseva.com\/en\/wp-json\/wp\/v2\/media?parent=3859"}],"wp:term":[{"taxonomy":"post_tag","embeddable":true,"href":"https:\/\/www.ericseva.com\/en\/wp-json\/wp\/v2\/tags?post=3859"},{"taxonomy":"tribe_events_cat","embeddable":true,"href":"https:\/\/www.ericseva.com\/en\/wp-json\/wp\/v2\/tribe_events_cat?post=3859"}],"curies":[{"name":"wp","href":"https:\/\/api.w.org\/{rel}","templated":true}]}}

<p><b>SOLO</b></p>
<p>Eric SÉVA – saxophones</p>
<p><a href="http://www.eclatsdemail.com/">www.eclatsdemail.com</a></p>

<p>SOLO Eric SÉVA – saxophones www.eclatsdemail.com</p>

à

<!-- This site is optimized with the Yoast SEO plugin v22.6 - https://yoast.com/wordpress/plugins/seo/ -->
<title>Festival Eclats d&#039;Emails Jazz Festival &#8211; Éric Séva</title>
<meta name="description" content="SOLO Eric SÉVA – saxophones www.eclatsdemail.com" />
<meta name="robots" content="index, follow, max-snippet:-1, max-image-preview:large, max-video-preview:-1" />
<link rel="canonical" href="https://www.ericseva.com/evenement/festival-eclats-demails-jazz-festival/" />
<meta property="og:locale" content="en_US" />
<meta property="og:type" content="article" />
<meta property="og:title" content="Festival Eclats d&#039;Emails Jazz Festival &#8211; Éric Séva" />
<meta property="og:description" content="SOLO Eric SÉVA – saxophones www.eclatsdemail.com" />
<meta property="og:url" content="https://www.ericseva.com/evenement/festival-eclats-demails-jazz-festival/" />
<meta property="og:site_name" content="Éric Séva" />
<meta property="article:publisher" content="https://www.facebook.com/EricSevaSaxophonisteCompositeur/" />
<meta name="twitter:card" content="summary_large_image" />
<script type="application/ld+json" class="yoast-schema-graph">{"@context":"https://schema.org","@graph":[{"@type":"WebPage","@id":"https://www.ericseva.com/evenement/festival-eclats-demails-jazz-festival/","url":"https://www.ericseva.com/evenement/festival-eclats-demails-jazz-festival/","name":"Festival Eclats d'Emails Jazz Festival &#8211; Éric Séva","isPartOf":{"@id":"https://www.ericseva.com/en/#website"},"datePublished":"2020-11-26T23:00:00+00:00","dateModified":"2020-11-26T23:00:00+00:00","description":"SOLO Eric SÉVA – saxophones www.eclatsdemail.com","breadcrumb":{"@id":"https://www.ericseva.com/evenement/festival-eclats-demails-jazz-festival/#breadcrumb"},"inLanguage":"en-US","potentialAction":[{"@type":"ReadAction","target":["https://www.ericseva.com/evenement/festival-eclats-demails-jazz-festival/"]}]},{"@type":"BreadcrumbList","@id":"https://www.ericseva.com/evenement/festival-eclats-demails-jazz-festival/#breadcrumb","itemListElement":[{"@type":"ListItem","position":1,"name":"Accueil","item":"https://www.ericseva.com/en/"},{"@type":"ListItem","position":2,"name":"Évènements","item":"https://www.ericseva.com/evenements/"},{"@type":"ListItem","position":3,"name":"Festival Eclats d&rsquo;Emails Jazz Festival"}]},{"@type":"WebSite","@id":"https://www.ericseva.com/en/#website","url":"https://www.ericseva.com/en/","name":"Éric Séva","description":"Saxophoniste et compositeur","potentialAction":[{"@type":"SearchAction","target":{"@type":"EntryPoint","urlTemplate":"https://www.ericseva.com/en/?s={search_term_string}"},"query-input":"required name=search_term_string"}],"inLanguage":"en-US"}]}</script>
<!-- / Yoast SEO plugin. -->

Festival Eclats d'Emails Jazz Festival &#8211; Éric Séva

SOLO Eric SÉVA – saxophones www.eclatsdemail.com

Éric Séva

Évènements
