{"id":3897,"date":"2022-01-14T00:00:00","date_gmt":"2022-01-13T23:00:00","guid":{"rendered":"https:\/\/www.ericseva.com\/evenement\/adeo-gradignan-33\/"},"modified":"2023-04-27T09:56:11","modified_gmt":"2023-04-27T07:56:11","slug":"adeo-gradignan-33-2","status":"publish","type":"tribe_events","link":"https:\/\/www.ericseva.com\/en\/evenement\/adeo-gradignan-33-2\/","title":{"rendered":"ADEO | GRADIGNAN (33)"},"content":{"rendered":"<p>\u00c9ric S\u00e9va\u00a0| Saxophones t\u00e9nor et soprano, compositionsKevin Reveyrand\u00a0| BasseJean-Luc Di Fraya\u00a0| Batterie, percussions, caj\u00f3nDavid Vainsot\u00a0| AltoGr\u00e9goire Korniluk\u00a0| VioloncelleNicolas Fargeix\u00a0| Clarinette bassePhilippe Hanon\u00a0| Basson<\/p>\n","protected":false},"excerpt":{"rendered":"<p>\u00c9ric S\u00e9va\u00a0| Saxophones t\u00e9nor et soprano, compositionsKevin Reveyrand\u00a0| BasseJean-Luc Di Fraya\u00a0| Batterie, percussions, caj\u00f3nDavid Vainsot\u00a0| AltoGr\u00e9goire Korniluk\u00a0| VioloncelleNicolas Fargeix\u00a0| Clarinette bassePhilippe Hanon\u00a0| Basson<\/p>\n","protected":false},"author":4,"featured_media":0,"template":"","meta":{"_EventAllDay":true,"_EventTimezone":"Europe\/Paris","_EventStartDate":"2022-01-14 00:00:00","_EventEndDate":"2022-01-14 00:00:00","_EventStartDateUTC":"2022-01-13 23:00:00","_EventEndDateUTC":"2022-01-13 23:00:00","_EventShowMap":true,"_EventShowMapLink":true,"_EventURL":"","_EventCost":"","_EventCostDescription":"","_EventCurrencySymbol":"\u00a0\u20ac","_EventCurrencyCode":"EUR","_EventCurrencyPosition":"","_EventDateTimeSeparator":"\u00e0","_EventTimeRangeSeparator":"\u2013","_EventOrganizerID":[],"_EventVenueID":[],"_OrganizerEmail":"","_OrganizerPhone":"","_OrganizerWebsite":"","_VenueAddress":"","_VenueCity":"Gradignan","_VenueCountry":"France","_VenueProvince":"","_VenueState":"","_VenueZip":"","_VenuePhone":"","_VenueURL":"","_VenueStateProvince":"","_VenueLat":"","_VenueLng":"","_VenueShowMap":false,"_VenueShowMapLink":false,"_tribe_events_status":"","_tribe_events_status_reason":""},"tags":[],"tribe_events_cat":[156],"yoast_head":"<!-- This site is optimized with the Yoast SEO plugin v22.6 - https:\/\/yoast.com\/wordpress\/plugins\/seo\/ -->\n<title>ADEO | GRADIGNAN (33) &#8211; \u00c9ric S\u00e9va<\/title>\n<meta name=\"description\" content=\"\u00c9ric S\u00e9va\u00a0| Saxophones t\u00e9nor et soprano, compositionsKevin Reveyrand\u00a0| BasseJean-Luc Di Fraya\u00a0| Batterie, percussions, caj\u00f3nDavid Vainsot\u00a0| AltoGr\u00e9goire\" \/>\n<meta name=\"robots\" content=\"index, follow, max-snippet:-1, max-image-preview:large, max-video-preview:-1\" \/>\n<link rel=\"canonical\" href=\"https:\/\/www.ericseva.com\/evenement\/adeo-gradignan-33-2\/\" \/>\n<meta property=\"og:locale\" content=\"en_US\" \/>\n<meta property=\"og:type\" content=\"article\" \/>\n<meta property=\"og:title\" content=\"ADEO | GRADIGNAN (33) &#8211; \u00c9ric S\u00e9va\" \/>\n<meta property=\"og:description\" content=\"\u00c9ric S\u00e9va\u00a0| Saxophones t\u00e9nor et soprano, compositionsKevin Reveyrand\u00a0| BasseJean-Luc Di Fraya\u00a0| Batterie, percussions, caj\u00f3nDavid Vainsot\u00a0| AltoGr\u00e9goire\" \/>\n<meta property=\"og:url\" content=\"https:\/\/www.ericseva.com\/evenement\/adeo-gradignan-33-2\/\" \/>\n<meta property=\"og:site_name\" content=\"\u00c9ric S\u00e9va\" \/>\n<meta property=\"article:publisher\" content=\"https:\/\/www.facebook.com\/EricSevaSaxophonisteCompositeur\/\" \/>\n<meta property=\"article:modified_time\" content=\"2023-04-27T07:56:11+00:00\" \/>\n<meta name=\"twitter:card\" content=\"summary_large_image\" \/>\n<script type=\"application\/ld+json\" class=\"yoast-schema-graph\">{\"@context\":\"https:\/\/schema.org\",\"@graph\":[{\"@type\":\"WebPage\",\"@id\":\"https:\/\/www.ericseva.com\/evenement\/adeo-gradignan-33-2\/\",\"url\":\"https:\/\/www.ericseva.com\/evenement\/adeo-gradignan-33-2\/\",\"name\":\"ADEO | GRADIGNAN (33) &#8211; \u00c9ric S\u00e9va\",\"isPartOf\":{\"@id\":\"https:\/\/www.ericseva.com\/en\/#website\"},\"datePublished\":\"2022-01-13T23:00:00+00:00\",\"dateModified\":\"2023-04-27T07:56:11+00:00\",\"description\":\"\u00c9ric S\u00e9va\u00a0| Saxophones t\u00e9nor et soprano, compositionsKevin Reveyrand\u00a0| BasseJean-Luc Di Fraya\u00a0| Batterie, percussions, caj\u00f3nDavid Vainsot\u00a0| AltoGr\u00e9goire\",\"breadcrumb\":{\"@id\":\"https:\/\/www.ericseva.com\/evenement\/adeo-gradignan-33-2\/#breadcrumb\"},\"inLanguage\":\"en-US\",\"potentialAction\":[{\"@type\":\"ReadAction\",\"target\":[\"https:\/\/www.ericseva.com\/evenement\/adeo-gradignan-33-2\/\"]}]},{\"@type\":\"BreadcrumbList\",\"@id\":\"https:\/\/www.ericseva.com\/evenement\/adeo-gradignan-33-2\/#breadcrumb\",\"itemListElement\":[{\"@type\":\"ListItem\",\"position\":1,\"name\":\"Accueil\",\"item\":\"https:\/\/www.ericseva.com\/en\/\"},{\"@type\":\"ListItem\",\"position\":2,\"name\":\"\u00c9v\u00e8nements\",\"item\":\"https:\/\/www.ericseva.com\/evenements\/\"},{\"@type\":\"ListItem\",\"position\":3,\"name\":\"ADEO | GRADIGNAN (33)\"}]},{\"@type\":\"WebSite\",\"@id\":\"https:\/\/www.ericseva.com\/en\/#website\",\"url\":\"https:\/\/www.ericseva.com\/en\/\",\"name\":\"\u00c9ric S\u00e9va\",\"description\":\"Saxophoniste et compositeur\",\"potentialAction\":[{\"@type\":\"SearchAction\",\"target\":{\"@type\":\"EntryPoint\",\"urlTemplate\":\"https:\/\/www.ericseva.com\/en\/?s={search_term_string}\"},\"query-input\":\"required name=search_term_string\"}],\"inLanguage\":\"en-US\"}]}<\/script>\n<!-- \/ Yoast SEO plugin. -->","yoast_head_json":{"title":"ADEO | GRADIGNAN (33) &#8211; \u00c9ric S\u00e9va","description":"\u00c9ric S\u00e9va\u00a0| Saxophones t\u00e9nor et soprano, compositionsKevin Reveyrand\u00a0| BasseJean-Luc Di Fraya\u00a0| Batterie, percussions, caj\u00f3nDavid Vainsot\u00a0| AltoGr\u00e9goire","robots":{"index":"index","follow":"follow","max-snippet":"max-snippet:-1","max-image-preview":"max-image-preview:large","max-video-preview":"max-video-preview:-1"},"canonical":"https:\/\/www.ericseva.com\/evenement\/adeo-gradignan-33-2\/","og_locale":"en_US","og_type":"article","og_title":"ADEO | GRADIGNAN (33) &#8211; \u00c9ric S\u00e9va","og_description":"\u00c9ric S\u00e9va\u00a0| Saxophones t\u00e9nor et soprano, compositionsKevin Reveyrand\u00a0| BasseJean-Luc Di Fraya\u00a0| Batterie, percussions, caj\u00f3nDavid Vainsot\u00a0| AltoGr\u00e9goire","og_url":"https:\/\/www.ericseva.com\/evenement\/adeo-gradignan-33-2\/","og_site_name":"\u00c9ric S\u00e9va","article_publisher":"https:\/\/www.facebook.com\/EricSevaSaxophonisteCompositeur\/","article_modified_time":"2023-04-27T07:56:11+00:00","twitter_card":"summary_large_image","schema":{"@context":"https:\/\/schema.org","@graph":[{"@type":"WebPage","@id":"https:\/\/www.ericseva.com\/evenement\/adeo-gradignan-33-2\/","url":"https:\/\/www.ericseva.com\/evenement\/adeo-gradignan-33-2\/","name":"ADEO | GRADIGNAN (33) &#8211; \u00c9ric S\u00e9va","isPartOf":{"@id":"https:\/\/www.ericseva.com\/en\/#website"},"datePublished":"2022-01-13T23:00:00+00:00","dateModified":"2023-04-27T07:56:11+00:00","description":"\u00c9ric S\u00e9va\u00a0| Saxophones t\u00e9nor et soprano, compositionsKevin Reveyrand\u00a0| BasseJean-Luc Di Fraya\u00a0| Batterie, percussions, caj\u00f3nDavid Vainsot\u00a0| AltoGr\u00e9goire","breadcrumb":{"@id":"https:\/\/www.ericseva.com\/evenement\/adeo-gradignan-33-2\/#breadcrumb"},"inLanguage":"en-US","potentialAction":[{"@type":"ReadAction","target":["https:\/\/www.ericseva.com\/evenement\/adeo-gradignan-33-2\/"]}]},{"@type":"BreadcrumbList","@id":"https:\/\/www.ericseva.com\/evenement\/adeo-gradignan-33-2\/#breadcrumb","itemListElement":[{"@type":"ListItem","position":1,"name":"Accueil","item":"https:\/\/www.ericseva.com\/en\/"},{"@type":"ListItem","position":2,"name":"\u00c9v\u00e8nements","item":"https:\/\/www.ericseva.com\/evenements\/"},{"@type":"ListItem","position":3,"name":"ADEO | GRADIGNAN (33)"}]},{"@type":"WebSite","@id":"https:\/\/www.ericseva.com\/en\/#website","url":"https:\/\/www.ericseva.com\/en\/","name":"\u00c9ric S\u00e9va","description":"Saxophoniste et compositeur","potentialAction":[{"@type":"SearchAction","target":{"@type":"EntryPoint","urlTemplate":"https:\/\/www.ericseva.com\/en\/?s={search_term_string}"},"query-input":"required name=search_term_string"}],"inLanguage":"en-US"}]}},"_links":{"self":[{"href":"https:\/\/www.ericseva.com\/en\/wp-json\/wp\/v2\/tribe_events\/3897"}],"collection":[{"href":"https:\/\/www.ericseva.com\/en\/wp-json\/wp\/v2\/tribe_events"}],"about":[{"href":"https:\/\/www.ericseva.com\/en\/wp-json\/wp\/v2\/types\/tribe_events"}],"author":[{"embeddable":true,"href":"https:\/\/www.ericseva.com\/en\/wp-json\/wp\/v2\/users\/4"}],"version-history":[{"count":1,"href":"https:\/\/www.ericseva.com\/en\/wp-json\/wp\/v2\/tribe_events\/3897\/revisions"}],"predecessor-version":[{"id":4318,"href":"https:\/\/www.ericseva.com\/en\/wp-json\/wp\/v2\/tribe_events\/3897\/revisions\/4318"}],"wp:attachment":[{"href":"https:\/\/www.ericseva.com\/en\/wp-json\/wp\/v2\/media?parent=3897"}],"wp:term":[{"taxonomy":"post_tag","embeddable":true,"href":"https:\/\/www.ericseva.com\/en\/wp-json\/wp\/v2\/tags?post=3897"},{"taxonomy":"tribe_events_cat","embeddable":true,"href":"https:\/\/www.ericseva.com\/en\/wp-json\/wp\/v2\/tribe_events_cat?post=3897"}],"curies":[{"name":"wp","href":"https:\/\/api.w.org\/{rel}","templated":true}]}}

<p>Éric Séva | Saxophones ténor et soprano, compositionsKevin Reveyrand | BasseJean-Luc Di Fraya | Batterie, percussions, cajónDavid Vainsot | AltoGrégoire Korniluk | VioloncelleNicolas Fargeix | Clarinette bassePhilippe Hanon | Basson</p>

à

<!-- This site is optimized with the Yoast SEO plugin v22.6 - https://yoast.com/wordpress/plugins/seo/ -->
<title>ADEO | GRADIGNAN (33) &#8211; Éric Séva</title>
<meta name="description" content="Éric Séva | Saxophones ténor et soprano, compositionsKevin Reveyrand | BasseJean-Luc Di Fraya | Batterie, percussions, cajónDavid Vainsot | AltoGrégoire" />
<meta name="robots" content="index, follow, max-snippet:-1, max-image-preview:large, max-video-preview:-1" />
<link rel="canonical" href="https://www.ericseva.com/evenement/adeo-gradignan-33-2/" />
<meta property="og:locale" content="en_US" />
<meta property="og:type" content="article" />
<meta property="og:title" content="ADEO | GRADIGNAN (33) &#8211; Éric Séva" />
<meta property="og:description" content="Éric Séva | Saxophones ténor et soprano, compositionsKevin Reveyrand | BasseJean-Luc Di Fraya | Batterie, percussions, cajónDavid Vainsot | AltoGrégoire" />
<meta property="og:url" content="https://www.ericseva.com/evenement/adeo-gradignan-33-2/" />
<meta property="og:site_name" content="Éric Séva" />
<meta property="article:publisher" content="https://www.facebook.com/EricSevaSaxophonisteCompositeur/" />
<meta property="article:modified_time" content="2023-04-27T07:56:11+00:00" />
<meta name="twitter:card" content="summary_large_image" />
<script type="application/ld+json" class="yoast-schema-graph">{"@context":"https://schema.org","@graph":[{"@type":"WebPage","@id":"https://www.ericseva.com/evenement/adeo-gradignan-33-2/","url":"https://www.ericseva.com/evenement/adeo-gradignan-33-2/","name":"ADEO | GRADIGNAN (33) &#8211; Éric Séva","isPartOf":{"@id":"https://www.ericseva.com/en/#website"},"datePublished":"2022-01-13T23:00:00+00:00","dateModified":"2023-04-27T07:56:11+00:00","description":"Éric Séva | Saxophones ténor et soprano, compositionsKevin Reveyrand | BasseJean-Luc Di Fraya | Batterie, percussions, cajónDavid Vainsot | AltoGrégoire","breadcrumb":{"@id":"https://www.ericseva.com/evenement/adeo-gradignan-33-2/#breadcrumb"},"inLanguage":"en-US","potentialAction":[{"@type":"ReadAction","target":["https://www.ericseva.com/evenement/adeo-gradignan-33-2/"]}]},{"@type":"BreadcrumbList","@id":"https://www.ericseva.com/evenement/adeo-gradignan-33-2/#breadcrumb","itemListElement":[{"@type":"ListItem","position":1,"name":"Accueil","item":"https://www.ericseva.com/en/"},{"@type":"ListItem","position":2,"name":"Évènements","item":"https://www.ericseva.com/evenements/"},{"@type":"ListItem","position":3,"name":"ADEO | GRADIGNAN (33)"}]},{"@type":"WebSite","@id":"https://www.ericseva.com/en/#website","url":"https://www.ericseva.com/en/","name":"Éric Séva","description":"Saxophoniste et compositeur","potentialAction":[{"@type":"SearchAction","target":{"@type":"EntryPoint","urlTemplate":"https://www.ericseva.com/en/?s={search_term_string}"},"query-input":"required name=search_term_string"}],"inLanguage":"en-US"}]}</script>
<!-- / Yoast SEO plugin. -->

ADEO | GRADIGNAN (33) &#8211; Éric Séva

Éric Séva | Saxophones ténor et soprano, compositionsKevin Reveyrand | BasseJean-Luc Di Fraya | Batterie, percussions, cajónDavid Vainsot | AltoGrégoire

Éric Séva

Évènements
